{"id":2730,"date":"2022-09-22T10:36:04","date_gmt":"2022-09-22T07:36:04","guid":{"rendered":"http:\/\/timeksyalitim.com.tr\/home\/?post_type=product&#038;p=2730"},"modified":"2022-12-01T17:42:44","modified_gmt":"2022-12-01T14:42:44","slug":"izocam-sanayi-levhasi","status":"publish","type":"product","link":"https:\/\/timeksyalitim.com.tr\/home\/product\/izocam-sanayi-levhasi\/","title":{"rendered":"\u0130zocam Sanayi Levhas\u0131"},"content":{"rendered":"<p>Sanayi tesislerinde, proses ekipmanlar\u0131nda, \u00e7elik konstr\u00fcksiyon yap\u0131larda \u0131s\u0131\u00a0yal\u0131t\u0131m\u0131\u00a0ve yang\u0131n g\u00fcvenli\u011fi amac\u0131yla kullan\u0131lan\u00a0<strong>ta\u015fy\u00fcn\u00fc<\/strong>\u00a0levhalard\u0131r.<\/p>\n<p><strong>Uygulama<\/strong><\/p>\n<p>Ta\u015fy\u00fcn\u00fc Sanayi Levhalar\u0131n\u0131n yanmazl\u0131k \u00f6zelli\u011fi, \u00e7ok y\u00fcksek s\u0131cakl\u0131klar\u0131n \u0131s\u0131, ses ve yang\u0131n yal\u0131t\u0131m\u0131nda kullan\u0131lmas\u0131n\u0131 m\u00fcmk\u00fcn k\u0131lar. Levhalar, uygulanacak olan d\u00fczg\u00fcn y\u00fczeylere tespit pimleri ile tutturulduktan sonra bir sac kaplama ile \u00f6rt\u00fclebilece\u011fi gibi y\u00fczey \u00fczerinde olu\u015fturulacak ta\u015f\u0131y\u0131c\u0131 \u00e7er\u00e7eve aras\u0131na yerle\u015ftirilerek de uygulanabilir. Ayr\u0131ca levhalar,haz\u0131r panel uygulamalar\u0131nda da kullan\u0131labilir.<br \/>\nSL 1 ve SL 2 olmak \u00fczere iki ayr\u0131 \u00f6zellikte \u00fcretilmektedir<\/p>\n<p><strong>Uygulama Alanlar\u0131<\/strong><\/p>\n<ul>\n<li>Ta\u015fy\u00fcn\u00fc Sanayi Levhalar\u0131n\u0131n yanmazl\u0131k \u00f6zelli\u011fi, \u00e7ok y\u00fcksek s\u0131cakl\u0131klar\u0131n \u0131s\u0131, ses ve yang\u0131n yal\u0131t\u0131m\u0131nda kullan\u0131lmas\u0131n\u0131 m\u00fcmk\u00fcn k\u0131lar.<\/li>\n<li>Levhalar, uygulanacak olan d\u00fczg\u00fcn y\u00fczeylere tespit pimleri ile tutturulduktan sonra bir sac kaplama ile \u00f6rt\u00fclebilece\u011fi gibi y\u00fczey \u00fczerinde olu\u015fturulacak ta\u015f\u0131y\u0131c\u0131 \u00e7er\u00e7eve aras\u0131na yerle\u015ftirilerek de uygulanabilir<\/li>\n<li>Levhalar, uygulanacak olan d\u00fczg\u00fcn y\u00fczeylere tespit pimleri ile tutturulduktan sonra bir sac kaplama ile \u00f6rt\u00fclebilece\u011fi gibi y\u00fczey \u00fczerinde olu\u015fturulacak ta\u015f\u0131y\u0131c\u0131 \u00e7er\u00e7eve aras\u0131na yerle\u015ftirilerek de uygulanabilir<\/li>\n<\/ul>\n<p>[wpdm_package id=&#8217;2712&#8242;]<\/p>\n","protected":false},"excerpt":{"rendered":"<p>Sanayi tesislerinde, proses ekipmanlar\u0131nda, \u00e7elik konstr\u00fcksiyon yap\u0131larda \u0131s\u0131 yal\u0131t\u0131m\u0131 ve yang\u0131n g\u00fcvenli\u011fi amac\u0131yla kullan\u0131lan <strong>ta\u015fy\u00fcn\u00fc<\/strong>\u00a0levhalard\u0131r.<\/p>\n","protected":false},"featured_media":2723,"comment_status":"open","ping_status":"closed","template":"","meta":[],"product_brand":[],"product_cat":[234],"product_tag":[185],"class_list":{"0":"post-2730","1":"product","2":"type-product","3":"status-publish","4":"has-post-thumbnail","6":"product_cat-tasyunu-levha","7":"product_tag-sanayi-levhasi","9":"first","10":"instock","11":"taxable","12":"shipping-taxable","13":"product-type-simple"},"_links":{"self":[{"href":"https:\/\/timeksyalitim.com.tr\/home\/wp-json\/wp\/v2\/product\/2730","targetHints":{"allow":["GET"]}}],"collection":[{"href":"https:\/\/timeksyalitim.com.tr\/home\/wp-json\/wp\/v2\/product"}],"about":[{"href":"https:\/\/timeksyalitim.com.tr\/home\/wp-json\/wp\/v2\/types\/product"}],"replies":[{"embeddable":true,"href":"https:\/\/timeksyalitim.com.tr\/home\/wp-json\/wp\/v2\/comments?post=2730"}],"wp:featuredmedia":[{"embeddable":true,"href":"https:\/\/timeksyalitim.com.tr\/home\/wp-json\/wp\/v2\/media\/2723"}],"wp:attachment":[{"href":"https:\/\/timeksyalitim.com.tr\/home\/wp-json\/wp\/v2\/media?parent=2730"}],"wp:term":[{"taxonomy":"product_brand","embeddable":true,"href":"https:\/\/timeksyalitim.com.tr\/home\/wp-json\/wp\/v2\/product_brand?post=2730"},{"taxonomy":"product_cat","embeddable":true,"href":"https:\/\/timeksyalitim.com.tr\/home\/wp-json\/wp\/v2\/product_cat?post=2730"},{"taxonomy":"product_tag","embeddable":true,"href":"https:\/\/timeksyalitim.com.tr\/home\/wp-json\/wp\/v2\/product_tag?post=2730"}],"curies":[{"name":"wp","href":"https:\/\/api.w.org\/{rel}","templated":true}]}}