{"id":2781,"date":"2022-09-23T13:08:29","date_gmt":"2022-09-23T10:08:29","guid":{"rendered":"http:\/\/timeksyalitim.com.tr\/home\/?post_type=product&#038;p=2781"},"modified":"2022-12-01T17:41:35","modified_gmt":"2022-12-01T14:41:35","slug":"izocam-ekspande-polistiren-eps","status":"publish","type":"product","link":"https:\/\/timeksyalitim.com.tr\/home\/product\/izocam-ekspande-polistiren-eps\/","title":{"rendered":"\u0130zocam Ekspande Polistiren (EPS)"},"content":{"rendered":"<p>Polistirenhammaddesinin, subuhar\u0131 ile temas\u0131 sonucu,hammadde gran\u00fcllerinin i\u00e7inde bulunan pentan gaz\u0131n\u0131n gran\u00fclleri \u015fi\u015firmesi ve birbirlerine yap\u0131\u015ft\u0131rmas\u0131 sonucu meydana gelmektedir. Kullan\u0131m yeri ve amac\u0131na g\u00f6re farkl\u0131 boyut ve teknik \u00f6zelliklerde levha olarak \u00fcretilebilmektedir. Is\u0131 yal\u0131t\u0131m\u0131 amac\u0131yla kullan\u0131lmaktad\u0131r.<\/p>\n<p><strong>Genel Bilgiler<\/strong><\/p>\n<ul>\n<li>Polistiren hammaddesinin, su buhari ile temasi sonucu, hammadde gran\u00fcllerinin i\u00e7inde bulunan pentan gazinin gran\u00fclleri sisirmesi ve birbirlerine yapistirmasi sonucu meydana gelmektedir.<\/li>\n<li>Kullanim yeri amacina g\u00f6re farkli boyut ve teknik \u00f6zelliklerde levha ve kalip olarak \u00fcretilebilmektedir.<\/li>\n<li>Isi yalitimi amaciyla kullanilmaktadir.<\/li>\n<li>Isi iletkenlik beyan degeri 0,032 \u2264\u00a0\u03bb \u2264 0,040 W\/mK\u2019dir.<\/li>\n<li>Su buhari dif\u00fczyon diren\u00e7 fakt\u00f6r\u00fc \u03bc = 20-100\u2019d\u00fcr.<\/li>\n<li>Kullanim sicakligi -50\/+75\u00b0C araligindadir.<\/li>\n<li>Kapiler emiciligi yoktur.<\/li>\n<li>Asit ve baz kimyasallara diren\u00e7li olmasina karsin, baca gazlari, metan grubu gazlari, benzin grubu, eter, ester ve amin grubu kimyasallara karsi hassastir.<\/li>\n<li>G\u00fcnesin mor \u00f6tesi isinlarina karsi hassastir.<\/li>\n<li>TS EN 13501-1\u2019e g\u00f6re E \u00a0sinifindadir.<\/li>\n<li>BSI tarafindan verilen ISO 9001 Kalite Y\u00f6netim Sistemi, ISO 14001 \u00c7evre Y\u00f6netimi Sistemi, ISO 45001 Is Sagligi ve G\u00fcvenligi Y\u00f6netim Sistemi Sertifikalarina sahip tesislerde \u00fcretilmektedir.<\/li>\n<li>TS EN 13163 Standardina tabi Izocam EPS \u00fcr\u00fcnler, Yapi Malzemeleri Y\u00f6netmeligi (305\/2011\/AB) \u00e7er\u00e7evesinde CE isareti tasimaya haizdir.<\/li>\n<\/ul>\n<p>[wpdm_package id=&#8217;2780&#8242;]<\/p>\n","protected":false},"excerpt":{"rendered":"<p>Polistirenhammaddesinin, subuhar\u0131 ile temas\u0131 sonucu,hammadde gran\u00fcllerinin i\u00e7inde bulunan pentan gaz\u0131n\u0131n gran\u00fclleri \u015fi\u015firmesi ve birbirlerine yap\u0131\u015ft\u0131rmas\u0131 sonucu meydana gelmektedir. Kullan\u0131m yeri ve amac\u0131na g\u00f6re farkl\u0131 boyut ve teknik \u00f6zelliklerde levha olarak \u00fcretilebilmektedir. Is\u0131 yal\u0131t\u0131m\u0131 amac\u0131yla kullan\u0131lmaktad\u0131r.<\/p>\n","protected":false},"featured_media":2782,"comment_status":"open","ping_status":"closed","template":"","meta":[],"product_brand":[],"product_cat":[204],"product_tag":[202,203],"class_list":{"0":"post-2781","1":"product","2":"type-product","3":"status-publish","4":"has-post-thumbnail","6":"product_cat-eps","7":"product_tag-ekspande-polistiren","8":"product_tag-eps","10":"first","11":"instock","12":"taxable","13":"shipping-taxable","14":"product-type-simple"},"_links":{"self":[{"href":"https:\/\/timeksyalitim.com.tr\/home\/wp-json\/wp\/v2\/product\/2781","targetHints":{"allow":["GET"]}}],"collection":[{"href":"https:\/\/timeksyalitim.com.tr\/home\/wp-json\/wp\/v2\/product"}],"about":[{"href":"https:\/\/timeksyalitim.com.tr\/home\/wp-json\/wp\/v2\/types\/product"}],"replies":[{"embeddable":true,"href":"https:\/\/timeksyalitim.com.tr\/home\/wp-json\/wp\/v2\/comments?post=2781"}],"wp:featuredmedia":[{"embeddable":true,"href":"https:\/\/timeksyalitim.com.tr\/home\/wp-json\/wp\/v2\/media\/2782"}],"wp:attachment":[{"href":"https:\/\/timeksyalitim.com.tr\/home\/wp-json\/wp\/v2\/media?parent=2781"}],"wp:term":[{"taxonomy":"product_brand","embeddable":true,"href":"https:\/\/timeksyalitim.com.tr\/home\/wp-json\/wp\/v2\/product_brand?post=2781"},{"taxonomy":"product_cat","embeddable":true,"href":"https:\/\/timeksyalitim.com.tr\/home\/wp-json\/wp\/v2\/product_cat?post=2781"},{"taxonomy":"product_tag","embeddable":true,"href":"https:\/\/timeksyalitim.com.tr\/home\/wp-json\/wp\/v2\/product_tag?post=2781"}],"curies":[{"name":"wp","href":"https:\/\/api.w.org\/{rel}","templated":true}]}}