{"id":2907,"date":"2022-11-10T14:21:36","date_gmt":"2022-11-10T11:21:36","guid":{"rendered":"http:\/\/timeksyalitim.com.tr\/home\/?post_type=product&#038;p=2907"},"modified":"2022-11-10T15:39:22","modified_gmt":"2022-11-10T12:39:22","slug":"ode-starflex-cam-yunu-silte","status":"publish","type":"product","link":"https:\/\/timeksyalitim.com.tr\/home\/product\/ode-starflex-cam-yunu-silte\/","title":{"rendered":"ODE Starflex Cam Y\u00fcn\u00fc \u015eilte"},"content":{"rendered":"<p>ODE Starflex \u015eilte Grubu \u03bb = 0.032-0.044 W\/(m.K) \u0131s\u0131 iletkenlik katsay\u0131s\u0131 aral\u0131\u011f\u0131nda \u00fcretilmektedir.<\/p>\n<p>ODE STARFLEX EN 13501-1 kapsam\u0131nda yanmaz malzemeler s\u0131n\u0131f\u0131 olan \u201cA1\u2019\u2019 s\u0131n\u0131f\u0131ndand\u0131r. Kullan\u0131m s\u0131cakl\u0131\u011f\u0131 -50\/+250 dereceleri aral\u0131\u011f\u0131ndad\u0131r.<\/p>\n<p>KULLANIM ALANLARI<\/p>\n<ul>\n<li>Her t\u00fcrl\u00fc ah\u015fap oturtma \u00e7at\u0131lar ve metal \u00e7at\u0131lar,<\/li>\n<li>\u00c7at\u0131 aras\u0131 d\u00f6\u015femeler,<\/li>\n<li>Sandvi\u00e7 \u00e7at\u0131 sistemleri,<\/li>\n<li>G\u00fcne\u015f enerji sistemleri,<\/li>\n<li>Hayvan bar\u0131naklar\u0131,<\/li>\n<li>Prefabrik yap\u0131lar.<\/li>\n<\/ul>\n<p>AVANTAJLARI<\/p>\n<ul>\n<li>Is\u0131 yal\u0131t\u0131m\u0131, ses yal\u0131t\u0131m\u0131 ve akustik d\u00fczenlemeler ve yang\u0131n g\u00fcvenli\u011fi ama\u00e7l\u0131 kullan\u0131l\u0131r.<\/li>\n<li>\u2018\u2019A1 S\u0131n\u0131f\u0131 Hi\u00e7 Yanmaz\u2019\u2019 (TS EN 13501-1) malzeme olmas\u0131 yang\u0131n g\u00fcvenli\u011fi a\u00e7\u0131s\u0131ndan \u00e7ok \u00f6nemli avantaj\u0131d\u0131r.*<\/li>\n<li>Her t\u00fcrl\u00fc ah\u015fap ve metal \u00e7at\u0131ya kolayl\u0131kla uyum sa\u011flar.<\/li>\n<li>Hafif oldu\u011fundan, \u00e7at\u0131ya \u00e7\u0131kar\u0131lmas\u0131 ve kesilerek uygulanmas\u0131 \u00e7ok kolayd\u0131r.<\/li>\n<li>Cam y\u00fcn\u00fcn\u00fcn \u00f6zelliklerinden dolay\u0131 uygulama s\u0131ras\u0131nda y\u0131rt\u0131lmaz, fire vermez.<\/li>\n<li>Zamanla bozulmaz, \u00e7\u00fcr\u00fcmez, k\u00fcf tutmaz.<\/li>\n<li>Do\u011fal i\u00e7eri\u011fi ile bozulmaz, uygulay\u0131c\u0131 dostudur.<\/li>\n<li>\u0130nsan sa\u011fl\u0131\u011f\u0131na zararl\u0131 olmad\u0131\u011f\u0131 EUCEB Belgesi ile tescillidir.<\/li>\n<li>Sahip oldu\u011fu EPD Belgesi ile LEED, BREEAM, DGNB gibi sertifikasyonlar\u0131 almay\u0131 hedefleyen projelere ilave puan kazand\u0131r\u0131r.<br \/>\n* Kaplamas\u0131z tipleri.<\/li>\n<\/ul>\n<p>&nbsp;<\/p>\n<div class=\"tab-content\">\n<div id=\"detail2\" class=\"tab-pane table-show fadeTab active show\" role=\"tabpanel\">\n<p><strong>LAM\u0130NASYON T\u0130PLER\u0130<\/strong><\/p>\n<p>ODE Starflex Levha, \u00e7e\u015fitli laminasyon tiplerinde \u00fcretilmektedir.<\/p>\n<ul>\n<li>Sar\u0131 Camt\u00fcl\u00fc Kapl\u0131<\/li>\n<li>Siyah Camt\u00fcl\u00fc Kapl\u0131<\/li>\n<li>Al\u00fcminyum Folyo Kapl\u0131<\/li>\n<li>Yanmaz Al\u00fcminyum Folyo Kapl\u0131<\/li>\n<li>Siyah Cam Dokuma<\/li>\n<\/ul>\n<p>&nbsp;<\/p>\n<\/div>\n<\/div>\n<p>[wpdm_package id=&#8217;2922&#8242;]<br \/>\n[wpdm_package id=&#8217;2923&#8242;]<\/p>\n","protected":false},"excerpt":{"rendered":"<p>ODE Starflex \u015eilte Grubu \u03bb = 0.032-0.044 W\/(m.K) \u0131s\u0131 iletkenlik katsay\u0131s\u0131 aral\u0131\u011f\u0131nda \u00fcretilmektedir.<\/p>\n<p>ODE STARFLEX EN 13501-1 kapsam\u0131nda yanmaz malzemeler s\u0131n\u0131f\u0131 olan \u201cA1\u2019\u2019 s\u0131n\u0131f\u0131ndand\u0131r. Kullan\u0131m s\u0131cakl\u0131\u011f\u0131 -50\/+250 dereceleri aral\u0131\u011f\u0131ndad\u0131r.<\/p>\n","protected":false},"featured_media":2908,"comment_status":"open","ping_status":"closed","template":"","meta":[],"product_brand":[],"product_cat":[168],"product_tag":[205],"class_list":{"0":"post-2907","1":"product","2":"type-product","3":"status-publish","4":"has-post-thumbnail","6":"product_cat-silte-cam-yunu","7":"product_tag-ode-starflex-cam-yunu-silte","9":"first","10":"instock","11":"taxable","12":"shipping-taxable","13":"product-type-simple"},"_links":{"self":[{"href":"https:\/\/timeksyalitim.com.tr\/home\/wp-json\/wp\/v2\/product\/2907","targetHints":{"allow":["GET"]}}],"collection":[{"href":"https:\/\/timeksyalitim.com.tr\/home\/wp-json\/wp\/v2\/product"}],"about":[{"href":"https:\/\/timeksyalitim.com.tr\/home\/wp-json\/wp\/v2\/types\/product"}],"replies":[{"embeddable":true,"href":"https:\/\/timeksyalitim.com.tr\/home\/wp-json\/wp\/v2\/comments?post=2907"}],"wp:featuredmedia":[{"embeddable":true,"href":"https:\/\/timeksyalitim.com.tr\/home\/wp-json\/wp\/v2\/media\/2908"}],"wp:attachment":[{"href":"https:\/\/timeksyalitim.com.tr\/home\/wp-json\/wp\/v2\/media?parent=2907"}],"wp:term":[{"taxonomy":"product_brand","embeddable":true,"href":"https:\/\/timeksyalitim.com.tr\/home\/wp-json\/wp\/v2\/product_brand?post=2907"},{"taxonomy":"product_cat","embeddable":true,"href":"https:\/\/timeksyalitim.com.tr\/home\/wp-json\/wp\/v2\/product_cat?post=2907"},{"taxonomy":"product_tag","embeddable":true,"href":"https:\/\/timeksyalitim.com.tr\/home\/wp-json\/wp\/v2\/product_tag?post=2907"}],"curies":[{"name":"wp","href":"https:\/\/api.w.org\/{rel}","templated":true}]}}