{"id":3001,"date":"2022-11-17T13:41:18","date_gmt":"2022-11-17T10:41:18","guid":{"rendered":"http:\/\/timeksyalitim.com.tr\/home\/product\/ravatherm-dis-cephe-isi-yalitim-sistemi-tasyunu-levhasi\/"},"modified":"2022-11-18T12:34:52","modified_gmt":"2022-11-18T09:34:52","slug":"ravatherm-dis-cephe-isi-yalitim-sistemi-tasyunu-levhasi","status":"publish","type":"product","link":"https:\/\/timeksyalitim.com.tr\/home\/product\/ravatherm-dis-cephe-isi-yalitim-sistemi-tasyunu-levhasi\/","title":{"rendered":"Ravatherm D\u0131\u015f Cephe Is\u0131 Yal\u0131t\u0131m Sistemi Ta\u015fy\u00fcn\u00fc Levhas\u0131"},"content":{"rendered":"<p><strong>\u00dcR\u00dcN TANIMI<\/strong><br \/>\nTa\u015fy\u00fcn\u00fc levhas\u0131 i\u00e7erisindeki elyaflar\u0131n birbirine ge\u00e7irilerek karma\u015f\u0131k bir lif yap\u0131s\u0131 olu\u015fturulmas\u0131 suretiyle, daha d\u00fc\u015f\u00fck yo\u011funluklarda y\u00fcksek bas\u0131nca dayanma direnci olu\u015fturulur. Sa\u00e7 \u00f6rg\u00fc lif yap\u0131s\u0131, ta\u015fy\u00fcn\u00fc y\u00fczeyine yap\u0131lan mantolama uygulamas\u0131n\u0131 daha mukavemetli k\u0131lar. Bu sayede yap\u0131 \u00fczerindeki fiziksel y\u00fck ta\u015f\u0131ma oran\u0131 y\u00fckseltilmi\u015f olur.<\/p>\n<p><strong>KULLANIM ALANLARI<\/strong><br \/>\nIs\u0131 ve ses yal\u0131t\u0131m\u0131 ile yang\u0131n g\u00fcvenli\u011fi maksad\u0131yla d\u0131\u015f cephelerde s\u0131va alt\u0131nda kullan\u0131l\u0131r.<\/p>\n<p><strong>UYGULAMA<\/strong><br \/>\nD\u00fczg\u00fcn y\u00fczeylerde levhalar, \u00e7imento bazl\u0131 yap\u0131\u015ft\u0131rma harc\u0131 kullan\u0131larak yap\u0131\u015ft\u0131r\u0131l\u0131r.<\/p>\n<p><img loading=\"lazy\" decoding=\"async\" class=\"alignnone size-full wp-image-3091\" src=\"http:\/\/timeksyalitim.com.tr\/home\/wp-content\/uploads\/discepheisiyalitimlevhasi-tablo-3.jpg\" alt=\"\" width=\"600\" height=\"374\" \/><\/p>\n","protected":false},"excerpt":{"rendered":"<p>Ta\u015fy\u00fcn\u00fc levhas\u0131 i\u00e7erisindeki elyaflar\u0131n birbirine ge\u00e7irilerek karma\u015f\u0131k bir lif yap\u0131s\u0131 olu\u015fturulmas\u0131 suretiyle, daha d\u00fc\u015f\u00fck yo\u011funluklarda y\u00fcksek bas\u0131nca dayanma direnci olu\u015fturulur. Sa\u00e7 \u00f6rg\u00fc lif yap\u0131s\u0131, ta\u015fy\u00fcn\u00fc y\u00fczeyine yap\u0131lan mantolama uygulamas\u0131n\u0131 daha mukavemetli k\u0131lar. Bu sayede yap\u0131 \u00fczerindeki fiziksel y\u00fck ta\u015f\u0131ma oran\u0131 y\u00fckseltilmi\u015f olur.<\/p>\n","protected":false},"featured_media":3090,"comment_status":"open","ping_status":"closed","template":"","meta":[],"product_brand":[],"product_cat":[234],"product_tag":[262],"class_list":{"0":"post-3001","1":"product","2":"type-product","3":"status-publish","4":"has-post-thumbnail","6":"product_cat-tasyunu-levha","7":"product_tag-tasyunu-levha","9":"first","10":"instock","11":"taxable","12":"shipping-taxable","13":"product-type-simple"},"_links":{"self":[{"href":"https:\/\/timeksyalitim.com.tr\/home\/wp-json\/wp\/v2\/product\/3001","targetHints":{"allow":["GET"]}}],"collection":[{"href":"https:\/\/timeksyalitim.com.tr\/home\/wp-json\/wp\/v2\/product"}],"about":[{"href":"https:\/\/timeksyalitim.com.tr\/home\/wp-json\/wp\/v2\/types\/product"}],"replies":[{"embeddable":true,"href":"https:\/\/timeksyalitim.com.tr\/home\/wp-json\/wp\/v2\/comments?post=3001"}],"wp:featuredmedia":[{"embeddable":true,"href":"https:\/\/timeksyalitim.com.tr\/home\/wp-json\/wp\/v2\/media\/3090"}],"wp:attachment":[{"href":"https:\/\/timeksyalitim.com.tr\/home\/wp-json\/wp\/v2\/media?parent=3001"}],"wp:term":[{"taxonomy":"product_brand","embeddable":true,"href":"https:\/\/timeksyalitim.com.tr\/home\/wp-json\/wp\/v2\/product_brand?post=3001"},{"taxonomy":"product_cat","embeddable":true,"href":"https:\/\/timeksyalitim.com.tr\/home\/wp-json\/wp\/v2\/product_cat?post=3001"},{"taxonomy":"product_tag","embeddable":true,"href":"https:\/\/timeksyalitim.com.tr\/home\/wp-json\/wp\/v2\/product_tag?post=3001"}],"curies":[{"name":"wp","href":"https:\/\/api.w.org\/{rel}","templated":true}]}}