{"id":3002,"date":"2022-11-17T13:41:18","date_gmt":"2022-11-17T10:41:18","guid":{"rendered":"http:\/\/timeksyalitim.com.tr\/home\/product\/ravatherm-tasyunu-dis-cephe-isi-yalitim-levhasi\/"},"modified":"2022-11-18T13:04:22","modified_gmt":"2022-11-18T10:04:22","slug":"ravatherm-tasyunu-dis-cephe-isi-yalitim-levhasi","status":"publish","type":"product","link":"https:\/\/timeksyalitim.com.tr\/home\/product\/ravatherm-tasyunu-dis-cephe-isi-yalitim-levhasi\/","title":{"rendered":"Ravatherm Ta\u015fy\u00fcn\u00fc D\u0131\u015f Cephe Is\u0131 Yal\u0131t\u0131m Levhas\u0131"},"content":{"rendered":"<p><strong>\u00dcR\u00dcN TANIMI<\/strong><\/p>\n<ul>\n<li>Bir y\u00fczeyi al\u00fcminyum folyo veya cam t\u00fcl\u00fc kapl\u0131 ta\u015fy\u00fcn\u00fc levhad\u0131r.<\/li>\n<li>Shrink ambalajlarda piyasaya sunulur.<\/li>\n<\/ul>\n<p><strong>KULLANIM ALANLARI<\/strong><\/p>\n<ul>\n<li>Granit, al\u00fcminyum, mermer veya cam cephe kaplamalar\u0131nda \u0131s\u0131, ses ve yang\u0131n yal\u0131t\u0131m\u0131 sa\u011flar.<\/li>\n<li>Havaland\u0131rma y\u00fczeylerinde yang\u0131n yal\u0131t\u0131m\u0131 sa\u011flar.<\/li>\n<\/ul>\n<p><strong>UYGULAMA<\/strong><\/p>\n<ul>\n<li>Ankraj ekipmanlar\u0131 sayesinde cephe y\u00fczeylerinde ta\u015f\u0131y\u0131c\u0131 profiller aras\u0131na uygulan\u0131r. Pimler sayesinde cephe duvar\u0131na monte edilir.<\/li>\n<\/ul>\n<p>&nbsp;<\/p>\n<p><img loading=\"lazy\" decoding=\"async\" class=\"alignnone size-full wp-image-3094\" src=\"http:\/\/timeksyalitim.com.tr\/home\/wp-content\/uploads\/diilevhasi-tablo.jpg\" alt=\"\" width=\"600\" height=\"374\" \/><\/p>\n","protected":false},"excerpt":{"rendered":"<p>Bir y\u00fczeyi al\u00fcminyum folyo veya cam t\u00fcl\u00fc kapl\u0131 ta\u015fy\u00fcn\u00fc levhad\u0131r.<\/p>\n","protected":false},"featured_media":3093,"comment_status":"open","ping_status":"closed","template":"","meta":[],"product_brand":[],"product_cat":[234],"product_tag":[263],"class_list":{"0":"post-3002","1":"product","2":"type-product","3":"status-publish","4":"has-post-thumbnail","6":"product_cat-tasyunu-levha","7":"product_tag-dis-cephe-isi-yalitim-levhasi","9":"first","10":"instock","11":"taxable","12":"shipping-taxable","13":"product-type-simple"},"_links":{"self":[{"href":"https:\/\/timeksyalitim.com.tr\/home\/wp-json\/wp\/v2\/product\/3002","targetHints":{"allow":["GET"]}}],"collection":[{"href":"https:\/\/timeksyalitim.com.tr\/home\/wp-json\/wp\/v2\/product"}],"about":[{"href":"https:\/\/timeksyalitim.com.tr\/home\/wp-json\/wp\/v2\/types\/product"}],"replies":[{"embeddable":true,"href":"https:\/\/timeksyalitim.com.tr\/home\/wp-json\/wp\/v2\/comments?post=3002"}],"wp:featuredmedia":[{"embeddable":true,"href":"https:\/\/timeksyalitim.com.tr\/home\/wp-json\/wp\/v2\/media\/3093"}],"wp:attachment":[{"href":"https:\/\/timeksyalitim.com.tr\/home\/wp-json\/wp\/v2\/media?parent=3002"}],"wp:term":[{"taxonomy":"product_brand","embeddable":true,"href":"https:\/\/timeksyalitim.com.tr\/home\/wp-json\/wp\/v2\/product_brand?post=3002"},{"taxonomy":"product_cat","embeddable":true,"href":"https:\/\/timeksyalitim.com.tr\/home\/wp-json\/wp\/v2\/product_cat?post=3002"},{"taxonomy":"product_tag","embeddable":true,"href":"https:\/\/timeksyalitim.com.tr\/home\/wp-json\/wp\/v2\/product_tag?post=3002"}],"curies":[{"name":"wp","href":"https:\/\/api.w.org\/{rel}","templated":true}]}}