{"id":3015,"date":"2022-11-17T13:41:19","date_gmt":"2022-11-17T10:41:19","guid":{"rendered":"http:\/\/timeksyalitim.com.tr\/home\/product\/ravago-dowsil-3363-cam-yalitim-silikonu\/"},"modified":"2022-11-17T16:25:28","modified_gmt":"2022-11-17T13:25:28","slug":"ravago-dowsil-3363-cam-yalitim-silikonu","status":"publish","type":"product","link":"https:\/\/timeksyalitim.com.tr\/home\/product\/ravago-dowsil-3363-cam-yalitim-silikonu\/","title":{"rendered":"Ravago Dowsil 3363 Cam Yal\u0131t\u0131m Silikonu"},"content":{"rendered":"<p>Y\u00fcksek mukavemetli sert iki bile\u015fenli silikon d\u00fc\u015f\u00fck mukavemetli yumu\u015fak yap\u0131\u015ft\u0131r\u0131c\u0131lar\u0131n yap\u0131\u015fma aral\u0131klar\u0131n\u0131 b\u00fcy\u00fctece\u011fi i\u00e7in yetersiz kalaca\u011f\u0131 yerlerde kullan\u0131labilmesi i\u00e7in \u00f6zellikle y\u00fcksek fiziksel dayan\u0131m gerektiren alanlarda kullan\u0131lmak \u00fczere tasarlanm\u0131\u015ft\u0131r. Sert r\u00fczgar alan y\u00fcksek binalar, f\u0131rt\u0131na ya da patlamalara kar\u015f\u0131 koruma sa\u011flayan kalkan paneller e\u011fimli yal\u0131t\u0131m camlar\u0131 gibi y\u00fcksek mukavemet ve sertlik gerektiren alanlarda \u00fcst\u00fcn yap\u0131\u015fma sa\u011flar. Ufak derzlerde h\u0131zl\u0131ca doldurulabildi\u011fi i\u00e7in verimlili\u011fi art\u0131r\u0131r.<\/p>\n<p><strong>Kullan\u0131m Alanlar\u0131<\/strong><\/p>\n<ul>\n<li>Konvansiyonel yumu\u015fak yap\u0131\u015ft\u0131r\u0131c\u0131lar\u0131n yap\u0131\u015fma aral\u0131klar\u0131n\u0131 b\u00fcy\u00fctece\u011fi, y\u00fcksek sertlik gerektiren uygulamalarda.<\/li>\n<li>Yap\u0131\u015fma aral\u0131\u011f\u0131 k\u00fc\u00e7\u00fck olan yal\u0131t\u0131m camlar\u0131nda<\/li>\n<li>Sert r\u00fczgar alan y\u00fcksek binalarda<\/li>\n<li>F\u0131rt\u0131naya kar\u015f\u0131 koruma sa\u011flayan r\u00fczgar panellerinde<\/li>\n<li>Patlamalara kar\u015f\u0131 koruma sa\u011flayan panellerde ya da e\u011fimli yal\u0131t\u0131m camlar\u0131nda<\/li>\n<\/ul>\n<p><strong>Faydalar\u0131<\/strong><\/p>\n<ul>\n<li>Y\u00fcksek mukavemetli yal\u0131t\u0131m camlar\u0131nda k\u00fc\u00e7\u00fck alanlarda kuvvetli yap\u0131\u015fma sa\u011flar<\/li>\n<li>0.21 MPa varan y\u00fcksek dayan\u0131m\u0131yla yap\u0131\u015ft\u0131rma alanlar\u0131nda %30\u2019a varan y\u00fczey tasarrufu sa\u011flar<\/li>\n<li>D\u00fc\u015f\u00fck su emilimi<\/li>\n<li>Muhte\u015fem s\u0131cakl\u0131k kararl\u0131l\u0131\u011f\u0131<\/li>\n<li>A\u015f\u0131nd\u0131rmadan sertle\u015fir<\/li>\n<li>K\u00fcrlenme s\u00fcresi k\u0131sad\u0131r<\/li>\n<\/ul>\n","protected":false},"excerpt":{"rendered":"<p>Y\u00fcksek mukavemetli sert iki bile\u015fenli silikon d\u00fc\u015f\u00fck mukavemetli yumu\u015fak yap\u0131\u015ft\u0131r\u0131c\u0131lar\u0131n yap\u0131\u015fma aral\u0131klar\u0131n\u0131 b\u00fcy\u00fctece\u011fi i\u00e7in yetersiz kalaca\u011f\u0131 yerlerde kullan\u0131labilmesi i\u00e7in \u00f6zellikle y\u00fcksek fiziksel dayan\u0131m gerektiren alanlarda kullan\u0131lmak \u00fczere tasarlanm\u0131\u015ft\u0131r.<\/p>\n","protected":false},"featured_media":3059,"comment_status":"open","ping_status":"closed","template":"","meta":[],"product_brand":[],"product_cat":[238],"product_tag":[253],"class_list":{"0":"post-3015","1":"product","2":"type-product","3":"status-publish","4":"has-post-thumbnail","6":"product_cat-mastikler-2","7":"product_tag-cam-yalitim-silikonu","9":"first","10":"instock","11":"taxable","12":"shipping-taxable","13":"product-type-simple"},"_links":{"self":[{"href":"https:\/\/timeksyalitim.com.tr\/home\/wp-json\/wp\/v2\/product\/3015","targetHints":{"allow":["GET"]}}],"collection":[{"href":"https:\/\/timeksyalitim.com.tr\/home\/wp-json\/wp\/v2\/product"}],"about":[{"href":"https:\/\/timeksyalitim.com.tr\/home\/wp-json\/wp\/v2\/types\/product"}],"replies":[{"embeddable":true,"href":"https:\/\/timeksyalitim.com.tr\/home\/wp-json\/wp\/v2\/comments?post=3015"}],"wp:featuredmedia":[{"embeddable":true,"href":"https:\/\/timeksyalitim.com.tr\/home\/wp-json\/wp\/v2\/media\/3059"}],"wp:attachment":[{"href":"https:\/\/timeksyalitim.com.tr\/home\/wp-json\/wp\/v2\/media?parent=3015"}],"wp:term":[{"taxonomy":"product_brand","embeddable":true,"href":"https:\/\/timeksyalitim.com.tr\/home\/wp-json\/wp\/v2\/product_brand?post=3015"},{"taxonomy":"product_cat","embeddable":true,"href":"https:\/\/timeksyalitim.com.tr\/home\/wp-json\/wp\/v2\/product_cat?post=3015"},{"taxonomy":"product_tag","embeddable":true,"href":"https:\/\/timeksyalitim.com.tr\/home\/wp-json\/wp\/v2\/product_tag?post=3015"}],"curies":[{"name":"wp","href":"https:\/\/api.w.org\/{rel}","templated":true}]}}