{"id":3230,"date":"2022-11-22T15:39:09","date_gmt":"2022-11-22T12:39:09","guid":{"rendered":"http:\/\/timeksyalitim.com.tr\/home\/?post_type=product&#038;p=3230"},"modified":"2022-11-22T15:53:21","modified_gmt":"2022-11-22T12:53:21","slug":"spstar-euro-tas-yunu-dubeli","status":"publish","type":"product","link":"https:\/\/timeksyalitim.com.tr\/home\/product\/spstar-euro-tas-yunu-dubeli\/","title":{"rendered":"SPStar Euro Ta\u015f Y\u00fcn\u00fc D\u00fcbeli"},"content":{"rendered":"<ul>\n<li><b>ETA 14\/0197<\/b>\u00a0belgeli<\/li>\n<li>Yal\u0131t\u0131m levhas\u0131 ba\u011flant\u0131 eleman\u0131d\u0131r<b><u><\/u><\/b><\/li>\n<li>%50 daha geni\u015f kafa \u00e7ap\u0131na sahiptir<b><u><\/u><\/b><\/li>\n<li>Uygulama y\u00fczeyinde daha \u00e7ok alana bask\u0131 yaparak tutunma g\u00fcvenli\u011fini artt\u0131r\u0131r<b><u><\/u><\/b><\/li>\n<li>Montaj kolayl\u0131\u011f\u0131 sa\u011flar<b><u><\/u><\/b><\/li>\n<li>G\u00fcvenli y\u00fck da\u011f\u0131l\u0131m\u0131<b><u><\/u><\/b><\/li>\n<li>T\u00fcm duvar \u00e7e\u015fitlerinde kullan\u0131labilir<b><u><\/u><\/b><\/li>\n<li>Keser darbelerine dayan\u0131kl\u0131,\u00a0 g\u00fc\u00e7l\u00fc ba\u015fl\u0131k tasar\u0131m\u0131na sahiptir<\/li>\n<li>\u00c7ivi ba\u015fl\u0131\u011f\u0131 \u0131s\u0131 k\u00f6pr\u00fcs\u00fc olu\u015fumunu engeller ve s\u0131va y\u00fczeyindeki i\u015faretlemeyi \u00f6nler<\/li>\n<\/ul>\n","protected":false},"excerpt":{"rendered":"<p>Euro Ta\u015f Y\u00fcn\u00fc D\u00fcbeli<\/p>\n","protected":false},"featured_media":3232,"comment_status":"open","ping_status":"closed","template":"","meta":[],"product_brand":[],"product_cat":[312],"product_tag":[311],"class_list":{"0":"post-3230","1":"product","2":"type-product","3":"status-publish","4":"has-post-thumbnail","6":"product_cat-dubeller-ve-vidalar","7":"product_tag-tas-yunu-dubeli","9":"first","10":"instock","11":"taxable","12":"shipping-taxable","13":"product-type-simple"},"_links":{"self":[{"href":"https:\/\/timeksyalitim.com.tr\/home\/wp-json\/wp\/v2\/product\/3230","targetHints":{"allow":["GET"]}}],"collection":[{"href":"https:\/\/timeksyalitim.com.tr\/home\/wp-json\/wp\/v2\/product"}],"about":[{"href":"https:\/\/timeksyalitim.com.tr\/home\/wp-json\/wp\/v2\/types\/product"}],"replies":[{"embeddable":true,"href":"https:\/\/timeksyalitim.com.tr\/home\/wp-json\/wp\/v2\/comments?post=3230"}],"wp:featuredmedia":[{"embeddable":true,"href":"https:\/\/timeksyalitim.com.tr\/home\/wp-json\/wp\/v2\/media\/3232"}],"wp:attachment":[{"href":"https:\/\/timeksyalitim.com.tr\/home\/wp-json\/wp\/v2\/media?parent=3230"}],"wp:term":[{"taxonomy":"product_brand","embeddable":true,"href":"https:\/\/timeksyalitim.com.tr\/home\/wp-json\/wp\/v2\/product_brand?post=3230"},{"taxonomy":"product_cat","embeddable":true,"href":"https:\/\/timeksyalitim.com.tr\/home\/wp-json\/wp\/v2\/product_cat?post=3230"},{"taxonomy":"product_tag","embeddable":true,"href":"https:\/\/timeksyalitim.com.tr\/home\/wp-json\/wp\/v2\/product_tag?post=3230"}],"curies":[{"name":"wp","href":"https:\/\/api.w.org\/{rel}","templated":true}]}}