{"id":3258,"date":"2022-11-22T17:26:12","date_gmt":"2022-11-22T14:26:12","guid":{"rendered":"http:\/\/timeksyalitim.com.tr\/home\/?post_type=product&#038;p=3258"},"modified":"2022-11-22T17:27:48","modified_gmt":"2022-11-22T14:27:48","slug":"bostik-forever-saniter","status":"publish","type":"product","link":"https:\/\/timeksyalitim.com.tr\/home\/product\/bostik-forever-saniter\/","title":{"rendered":"Bostik Forever Saniter"},"content":{"rendered":"<p>Bostik ForeverSaniter, polisiloksan esasl\u0131, tek bile\u015fenli, hava ile sertle\u015fen asetik karakterde, uzun s\u00fcreli rengini koruyan, sararmayan, jel veya \u00e7\u00f6z\u00fcc\u00fc i\u00e7ermeyen 100% saf silikon \u00f6zellikte, kullan\u0131ma haz\u0131r \u00f6zel uzun \u00f6m\u00fcrl\u00fc silikondur.<\/p>\n<p><strong>Avantajlar<\/strong><\/p>\n<p>&#8211; Du\u015fakabin, banyo mutfaklar i\u00e7in ideal,<br \/>\n&#8211; Sararma yapmaz<br \/>\n&#8211; Uzun \u00f6m\u00fcrl\u00fc<\/p>\n","protected":false},"excerpt":{"rendered":"<p>Bostik ForeverSaniter, polisiloksan esasl\u0131, tek bile\u015fenli, hava ile sertle\u015fen asetik karakterde, uzun s\u00fcreli rengini koruyan, sararmayan, jel veya \u00e7\u00f6z\u00fcc\u00fc i\u00e7ermeyen 100% saf silikon \u00f6zellikte, kullan\u0131ma haz\u0131r \u00f6zel uzun \u00f6m\u00fcrl\u00fc silikondur.<\/p>\n","protected":false},"featured_media":3259,"comment_status":"open","ping_status":"closed","template":"","meta":[],"product_brand":[],"product_cat":[238],"product_tag":[327],"class_list":{"0":"post-3258","1":"product","2":"type-product","3":"status-publish","4":"has-post-thumbnail","6":"product_cat-mastikler-2","7":"product_tag-bostik-forever-saniter","9":"first","10":"instock","11":"taxable","12":"shipping-taxable","13":"product-type-simple"},"_links":{"self":[{"href":"https:\/\/timeksyalitim.com.tr\/home\/wp-json\/wp\/v2\/product\/3258","targetHints":{"allow":["GET"]}}],"collection":[{"href":"https:\/\/timeksyalitim.com.tr\/home\/wp-json\/wp\/v2\/product"}],"about":[{"href":"https:\/\/timeksyalitim.com.tr\/home\/wp-json\/wp\/v2\/types\/product"}],"replies":[{"embeddable":true,"href":"https:\/\/timeksyalitim.com.tr\/home\/wp-json\/wp\/v2\/comments?post=3258"}],"wp:featuredmedia":[{"embeddable":true,"href":"https:\/\/timeksyalitim.com.tr\/home\/wp-json\/wp\/v2\/media\/3259"}],"wp:attachment":[{"href":"https:\/\/timeksyalitim.com.tr\/home\/wp-json\/wp\/v2\/media?parent=3258"}],"wp:term":[{"taxonomy":"product_brand","embeddable":true,"href":"https:\/\/timeksyalitim.com.tr\/home\/wp-json\/wp\/v2\/product_brand?post=3258"},{"taxonomy":"product_cat","embeddable":true,"href":"https:\/\/timeksyalitim.com.tr\/home\/wp-json\/wp\/v2\/product_cat?post=3258"},{"taxonomy":"product_tag","embeddable":true,"href":"https:\/\/timeksyalitim.com.tr\/home\/wp-json\/wp\/v2\/product_tag?post=3258"}],"curies":[{"name":"wp","href":"https:\/\/api.w.org\/{rel}","templated":true}]}}