{"id":3331,"date":"2022-11-24T12:53:03","date_gmt":"2022-11-24T09:53:03","guid":{"rendered":"http:\/\/timeksyalitim.com.tr\/home\/?post_type=product&#038;p=3331"},"modified":"2022-11-24T12:55:18","modified_gmt":"2022-11-24T09:55:18","slug":"soudal-silirub-ws","status":"publish","type":"product","link":"https:\/\/timeksyalitim.com.tr\/home\/product\/soudal-silirub-ws\/","title":{"rendered":"Soudal Silirub WS"},"content":{"rendered":"<div class=\"titel\">\n<div class=\"titel\">\n<div class=\"titel\"><strong><span id=\"ctl00_ContentPlaceHolder1_omschrijvingLBL\">TANIM<\/span><\/strong><\/div>\n<div class=\"tekst\"><span id=\"ctl00_ContentPlaceHolder1_omschrijving\">Silirub WS, y\u00fcksek kalitede do\u011fal sertle\u015fmeye sahip, olduk\u00e7a elastik, tek bile\u015fenli, silikon bazl\u0131 derz dolgu malzemesidir.<\/span><\/div>\n<div><\/div>\n<div class=\"titel\"><strong><span id=\"ctl00_ContentPlaceHolder1_eigenschappenLBL\">\u00d6ZELLIKLER<\/span><\/strong><\/div>\n<div class=\"tekst\"><span id=\"ctl00_ContentPlaceHolder1_eigenschappen\">&#8211; Lamine cam ile uyumlu<br \/>\n&#8211; \u00c7ift yal\u0131t\u0131m cam\u0131 \u00fcnitelerinde, polis\u00fclfit ve silikon esasl\u0131 yard\u0131mc\u0131 s\u0131zd\u0131rmazl\u0131k malzemeleri ile uygundur.<br \/>\n&#8211; \u00c7ok kolay uygulan\u0131r<br \/>\n&#8211; Solmaz ve UV \u0131\u015f\u0131nlar\u0131na dayan\u0131kl\u0131<br \/>\n&#8211; Sertle\u015fme sonras\u0131 kal\u0131c\u0131 elastikiyet.<br \/>\n&#8211; Bir\u00e7ok malzemede \u00e7ok iyi yap\u0131\u015fma.<br \/>\n&#8211; ISO standartlar\u0131na g\u00f6re d\u00fc\u015f\u00fck katsay\u0131<br \/>\n&#8211; UV radyasyonu, ya\u011fmur, don, r\u00fczgar, ozon ve a\u015f\u0131r\u0131 s\u0131cakl\u0131klara kar\u015f\u0131 dayan\u0131kl\u0131d\u0131r.<br \/>\n&#8211; Cam, lamine cam, kaplamal\u0131 al\u00fcminyum, galvanizli \u00e7elik, beton ve tu\u011fla duvar \u00fczerinde m\u00fckemmel yap\u0131\u015fma \u00f6zelli\u011fi<\/span><\/div>\n<div><\/div>\n<div class=\"titel\"><strong><span id=\"ctl00_ContentPlaceHolder1_toepassingenLBL\">UYGULAMALAR<\/span><\/strong><\/div>\n<div class=\"tekst\"><span id=\"ctl00_ContentPlaceHolder1_toepassingen\">&#8211; Giydirme cephe uygulamalar\u0131nda hava \u015fartlar\u0131na dayan\u0131kl\u0131<br \/>\n&#8211; \u00c7e\u015fitli in\u015faat malzemeleri aras\u0131ndaki genle\u015fme, \u00e7eper, ba\u011flant\u0131 ve hareket derzleri i\u00e7in idealdir.<br \/>\n&#8211; \u00c7ift caml\u0131 pencere \u00fcniteleri ile uyumlu<\/span><\/div>\n<div class=\"titel\"><\/div>\n<div class=\"tekst\"><\/div>\n<div class=\"titel\"><strong><span id=\"ctl00_ContentPlaceHolder1_gebruiksaanwijzingLBL\">KULLANIM UYARILARI<\/span><\/strong><\/div>\n<div class=\"tekst\"><span id=\"ctl00_ContentPlaceHolder1_gebruiksaanwijzing\">Y\u00f6ntem: Derz dolgu tabancas\u0131<br \/>\nUygulama s\u0131cakl\u0131\u011f\u0131: +1\u00b0C +30\u00b0C aras\u0131<br \/>\nTemizleme: Kullan\u0131mdan hemen sonra beyaz ispirto ile<br \/>\nSonland\u0131rma: Doku olu\u015fumundan \u00f6nce, sabunlu \u00e7\u00f6zelti ile<br \/>\nOnar\u0131m: Silirub WS ile<\/span><\/div>\n<\/div>\n<\/div>\n","protected":false},"excerpt":{"rendered":"<p><span id=\"ctl00_ContentPlaceHolder1_omschrijving\">Silirub WS, y\u00fcksek kalitede do\u011fal sertle\u015fmeye sahip, olduk\u00e7a elastik, tek bile\u015fenli, silikon bazl\u0131 derz dolgu malzemesidir.<\/span><\/p>\n","protected":false},"featured_media":3332,"comment_status":"open","ping_status":"closed","template":"","meta":[],"product_brand":[],"product_cat":[238],"product_tag":[336],"class_list":{"0":"post-3331","1":"product","2":"type-product","3":"status-publish","4":"has-post-thumbnail","6":"product_cat-mastikler-2","7":"product_tag-silirub-ws","9":"first","10":"instock","11":"taxable","12":"shipping-taxable","13":"product-type-simple"},"_links":{"self":[{"href":"https:\/\/timeksyalitim.com.tr\/home\/wp-json\/wp\/v2\/product\/3331","targetHints":{"allow":["GET"]}}],"collection":[{"href":"https:\/\/timeksyalitim.com.tr\/home\/wp-json\/wp\/v2\/product"}],"about":[{"href":"https:\/\/timeksyalitim.com.tr\/home\/wp-json\/wp\/v2\/types\/product"}],"replies":[{"embeddable":true,"href":"https:\/\/timeksyalitim.com.tr\/home\/wp-json\/wp\/v2\/comments?post=3331"}],"wp:featuredmedia":[{"embeddable":true,"href":"https:\/\/timeksyalitim.com.tr\/home\/wp-json\/wp\/v2\/media\/3332"}],"wp:attachment":[{"href":"https:\/\/timeksyalitim.com.tr\/home\/wp-json\/wp\/v2\/media?parent=3331"}],"wp:term":[{"taxonomy":"product_brand","embeddable":true,"href":"https:\/\/timeksyalitim.com.tr\/home\/wp-json\/wp\/v2\/product_brand?post=3331"},{"taxonomy":"product_cat","embeddable":true,"href":"https:\/\/timeksyalitim.com.tr\/home\/wp-json\/wp\/v2\/product_cat?post=3331"},{"taxonomy":"product_tag","embeddable":true,"href":"https:\/\/timeksyalitim.com.tr\/home\/wp-json\/wp\/v2\/product_tag?post=3331"}],"curies":[{"name":"wp","href":"https:\/\/api.w.org\/{rel}","templated":true}]}}