{"id":3351,"date":"2022-11-24T14:23:34","date_gmt":"2022-11-24T11:23:34","guid":{"rendered":"http:\/\/timeksyalitim.com.tr\/home\/?post_type=product&#038;p=3351"},"modified":"2022-11-24T14:27:18","modified_gmt":"2022-11-24T11:27:18","slug":"soudal-acryrub-exterior-facade","status":"publish","type":"product","link":"https:\/\/timeksyalitim.com.tr\/home\/product\/soudal-acryrub-exterior-facade\/","title":{"rendered":"Soudal Acryrub Exterior Facade+"},"content":{"rendered":"<div class=\"titel\">\n<div class=\"titel\">\n<div class=\"titel\">\n<div class=\"titel\">\n<div class=\"titel\">\n<div class=\"titel\">\n<div class=\"titel\">\n<div class=\"titel\">\n<div class=\"titel\"><strong><span id=\"ctl00_ContentPlaceHolder1_omschrijvingLBL\">TANIM<\/span><\/strong><\/div>\n<div class=\"tekst\"><span id=\"ctl00_ContentPlaceHolder1_omschrijving\">Acryrub Exterior Facade+ tek komponentli, akrilik dispersiyon esasl\u03b9, silicon em\u00fclsiyonu ile takviye edilerek \u00fcst\u00fcn yapi\u015fma g\u00fcc\u00fcne sahip, boyanabilen derz dolgu ve izolasyon masti\u011fidir.<\/span><\/div>\n<div class=\"titel\"><strong><span id=\"ctl00_ContentPlaceHolder1_eigenschappenLBL\">\u00d6ZELLIKLER<\/span><\/strong><\/div>\n<div class=\"tekst\"><span id=\"ctl00_ContentPlaceHolder1_eigenschappen\">&#8211; Antibakteriyel \u00f6zelli\u011fi sayesinde sararma ve kararma yapmaz<br \/>\n&#8211; Kuruduktan sonra elastikiyetini korur \u00e7atlama yapmaz<br \/>\n&#8211; K\u00fcrlendikten sonra boyanabilme \u00f6zelli\u011fine sahiptir<br \/>\n&#8211; \u00dcst\u00fcn yapi\u015fma \u00f6zelli\u011fine sahiptir<\/span><\/div>\n<\/div>\n<\/div>\n<\/div>\n<\/div>\n<\/div>\n<\/div>\n<\/div>\n<\/div>\n","protected":false},"excerpt":{"rendered":"<p><span id=\"ctl00_ContentPlaceHolder1_omschrijving\">Acryrub Exterior Facade+ tek komponentli, akrilik dispersiyon esasl\u03b9, silicon em\u00fclsiyonu ile takviye edilerek \u00fcst\u00fcn yapi\u015fma g\u00fcc\u00fcne sahip, boyanabilen derz dolgu ve izolasyon masti\u011fidir.<\/span><\/p>\n","protected":false},"featured_media":3352,"comment_status":"open","ping_status":"closed","template":"","meta":[],"product_brand":[],"product_cat":[238],"product_tag":[344],"class_list":{"0":"post-3351","1":"product","2":"type-product","3":"status-publish","4":"has-post-thumbnail","6":"product_cat-mastikler-2","7":"product_tag-acryrub-exterior-facade","9":"first","10":"instock","11":"taxable","12":"shipping-taxable","13":"product-type-simple"},"_links":{"self":[{"href":"https:\/\/timeksyalitim.com.tr\/home\/wp-json\/wp\/v2\/product\/3351","targetHints":{"allow":["GET"]}}],"collection":[{"href":"https:\/\/timeksyalitim.com.tr\/home\/wp-json\/wp\/v2\/product"}],"about":[{"href":"https:\/\/timeksyalitim.com.tr\/home\/wp-json\/wp\/v2\/types\/product"}],"replies":[{"embeddable":true,"href":"https:\/\/timeksyalitim.com.tr\/home\/wp-json\/wp\/v2\/comments?post=3351"}],"wp:featuredmedia":[{"embeddable":true,"href":"https:\/\/timeksyalitim.com.tr\/home\/wp-json\/wp\/v2\/media\/3352"}],"wp:attachment":[{"href":"https:\/\/timeksyalitim.com.tr\/home\/wp-json\/wp\/v2\/media?parent=3351"}],"wp:term":[{"taxonomy":"product_brand","embeddable":true,"href":"https:\/\/timeksyalitim.com.tr\/home\/wp-json\/wp\/v2\/product_brand?post=3351"},{"taxonomy":"product_cat","embeddable":true,"href":"https:\/\/timeksyalitim.com.tr\/home\/wp-json\/wp\/v2\/product_cat?post=3351"},{"taxonomy":"product_tag","embeddable":true,"href":"https:\/\/timeksyalitim.com.tr\/home\/wp-json\/wp\/v2\/product_tag?post=3351"}],"curies":[{"name":"wp","href":"https:\/\/api.w.org\/{rel}","templated":true}]}}