{"id":3362,"date":"2022-11-24T15:12:52","date_gmt":"2022-11-24T12:12:52","guid":{"rendered":"http:\/\/timeksyalitim.com.tr\/home\/?post_type=product&#038;p=3362"},"modified":"2022-11-24T15:15:32","modified_gmt":"2022-11-24T12:15:32","slug":"soudal-soudaflex-14lm","status":"publish","type":"product","link":"https:\/\/timeksyalitim.com.tr\/home\/product\/soudal-soudaflex-14lm\/","title":{"rendered":"Soudal Soudaflex 14LM"},"content":{"rendered":"<div class=\"titel\">\n<div class=\"titel\">\n<div class=\"titel\">\n<div class=\"titel\">\n<div class=\"titel\">\n<div class=\"titel\">\n<div class=\"titel\">\n<div class=\"titel\">\n<div class=\"titel\">\n<div class=\"titel\">\n<div class=\"titel\">\n<div class=\"titel\">\n<div class=\"titel\">\n<div class=\"titel\"><strong><span id=\"ctl00_ContentPlaceHolder1_omschrijvingLBL\">TANIM<\/span><\/strong><\/div>\n<div class=\"tekst\"><span id=\"ctl00_ContentPlaceHolder1_omschrijving\">Soudaflex 14LM, y\u00fcksek kalitede, elastik, tek bile\u015fenli, poli\u00fcretan bazl\u0131, s\u0131zd\u0131rmazl\u0131k ve yap\u0131\u015ft\u0131rma malzemesidir.<\/span><\/div>\n<div class=\"titel\"><strong><span id=\"ctl00_ContentPlaceHolder1_eigenschappenLBL\">\u00d6ZELLIKLER<\/span><\/strong><\/div>\n<div class=\"tekst\"><span id=\"ctl00_ContentPlaceHolder1_eigenschappen\">&#8211; \u00c7ok kolay uygulan\u0131r<br \/>\n&#8211; Sertle\u015fme sonras\u0131 kal\u0131c\u0131 elastikiyet<br \/>\n&#8211; Bir\u00e7ok malzemede \u00e7ok iyi yap\u0131\u015fma<br \/>\n&#8211; UV \u0131\u015f\u0131nlar\u0131na kar\u015f\u0131 m\u00fckemmel diren\u00e7<br \/>\n&#8211; D\u00fc\u015f\u00fck katsay\u0131<\/span><\/div>\n<div class=\"titel\"><strong><span id=\"ctl00_ContentPlaceHolder1_toepassingenLBL\">UYGULAMALAR<\/span><\/strong><\/div>\n<div class=\"tekst\"><span id=\"ctl00_ContentPlaceHolder1_toepassingen\">&#8211; Y\u00fcksek hareketlili\u011fe sahip t\u00fcm genel bina eklem noktalar\u0131<br \/>\n&#8211; Pencere, kap\u0131 kasalar\u0131 ve duvarlar aras\u0131ndaki ba\u011flant\u0131\/eklem noktalar\u0131nda<br \/>\n&#8211; Bir\u00e7ok farkl\u0131 yap\u0131 malzemeleri aras\u0131ndaki genle\u015fme derzlerinde<br \/>\n&#8211; Geni\u015f harekete sahip ba\u011flant\u0131\/eklem noktalar\u0131nda<\/span><\/div>\n<div class=\"titel\"><\/div>\n<div class=\"tekst\"><\/div>\n<div class=\"titel\"><strong><span id=\"ctl00_ContentPlaceHolder1_gebruiksaanwijzingLBL\">KULLANIM UYARILARI<\/span><\/strong><\/div>\n<div class=\"tekst\"><span id=\"ctl00_ContentPlaceHolder1_gebruiksaanwijzing\">Y\u00f6ntem: Derz dolgu tabancas\u0131<br \/>\nUygulama s\u0131cakl\u0131\u011f\u0131: +1\u00b0C +30\u00b0C aras\u0131<br \/>\nTemizleme: Kullan\u0131mdan hemen sonra beyaz ispirto ile<br \/>\nOnar\u0131m: Soudaflex 14LM ile<\/span><\/div>\n<\/div>\n<\/div>\n<\/div>\n<\/div>\n<\/div>\n<\/div>\n<\/div>\n<\/div>\n<\/div>\n<\/div>\n<\/div>\n<\/div>\n<\/div>\n","protected":false},"excerpt":{"rendered":"<p><span id=\"ctl00_ContentPlaceHolder1_omschrijving\">Soudaflex 14LM, y\u00fcksek kalitede, elastik, tek bile\u015fenli, poli\u00fcretan bazl\u0131, s\u0131zd\u0131rmazl\u0131k ve yap\u0131\u015ft\u0131rma malzemesidir.<\/span><\/p>\n","protected":false},"featured_media":3363,"comment_status":"open","ping_status":"closed","template":"","meta":[],"product_brand":[],"product_cat":[238],"product_tag":[349],"class_list":{"0":"post-3362","1":"product","2":"type-product","3":"status-publish","4":"has-post-thumbnail","6":"product_cat-mastikler-2","7":"product_tag-soudaflex-14lm","9":"first","10":"instock","11":"taxable","12":"shipping-taxable","13":"product-type-simple"},"_links":{"self":[{"href":"https:\/\/timeksyalitim.com.tr\/home\/wp-json\/wp\/v2\/product\/3362","targetHints":{"allow":["GET"]}}],"collection":[{"href":"https:\/\/timeksyalitim.com.tr\/home\/wp-json\/wp\/v2\/product"}],"about":[{"href":"https:\/\/timeksyalitim.com.tr\/home\/wp-json\/wp\/v2\/types\/product"}],"replies":[{"embeddable":true,"href":"https:\/\/timeksyalitim.com.tr\/home\/wp-json\/wp\/v2\/comments?post=3362"}],"wp:featuredmedia":[{"embeddable":true,"href":"https:\/\/timeksyalitim.com.tr\/home\/wp-json\/wp\/v2\/media\/3363"}],"wp:attachment":[{"href":"https:\/\/timeksyalitim.com.tr\/home\/wp-json\/wp\/v2\/media?parent=3362"}],"wp:term":[{"taxonomy":"product_brand","embeddable":true,"href":"https:\/\/timeksyalitim.com.tr\/home\/wp-json\/wp\/v2\/product_brand?post=3362"},{"taxonomy":"product_cat","embeddable":true,"href":"https:\/\/timeksyalitim.com.tr\/home\/wp-json\/wp\/v2\/product_cat?post=3362"},{"taxonomy":"product_tag","embeddable":true,"href":"https:\/\/timeksyalitim.com.tr\/home\/wp-json\/wp\/v2\/product_tag?post=3362"}],"curies":[{"name":"wp","href":"https:\/\/api.w.org\/{rel}","templated":true}]}}