{"id":3381,"date":"2022-11-24T16:08:17","date_gmt":"2022-11-24T13:08:17","guid":{"rendered":"http:\/\/timeksyalitim.com.tr\/home\/?post_type=product&#038;p=3381"},"modified":"2022-11-24T16:11:23","modified_gmt":"2022-11-24T13:11:23","slug":"soudal-soudafoam-fr-gun","status":"publish","type":"product","link":"https:\/\/timeksyalitim.com.tr\/home\/product\/soudal-soudafoam-fr-gun\/","title":{"rendered":"Soudal Soudafoam FR Gun"},"content":{"rendered":"<div class=\"titel\">\n<div class=\"titel\">\n<div class=\"titel\">\n<div class=\"titel\">\n<div class=\"titel\">\n<div class=\"titel\">\n<div class=\"titel\"><strong><span id=\"ctl00_ContentPlaceHolder1_omschrijvingLBL\">TANIM<\/span><\/strong><\/div>\n<div class=\"tekst\"><span id=\"ctl00_ContentPlaceHolder1_omschrijving\">Soudafoam FR Gun, tekbile\u015fenli, kendili\u011finden genle\u015febilen, ozon tabakas\u0131na tamamen zarars\u0131z olan yak\u0131tlar i\u00e7eren, kullan\u0131ma haz\u0131r poli\u00fcretan k\u00f6p\u00fck. Belirli durumlarda 360 dakikaya kadar bir yanma derecesi vard\u0131r.<\/span><\/div>\n<div><\/div>\n<div class=\"titel\"><strong><span id=\"ctl00_ContentPlaceHolder1_eigenschappenLBL\">\u00d6ZELLIKLER<\/span><\/strong><\/div>\n<div class=\"tekst\"><span id=\"ctl00_ContentPlaceHolder1_eigenschappen\">&#8211; 360 dakikaya kadar yang\u0131n\u0131 geciktirici &#8211; ekteyi tabloya bak\u0131n\u0131z.<br \/>\n&#8211; Gaz ve dumana kar\u015f\u0131 etkili s\u0131zd\u0131rmazl\u0131k<br \/>\n&#8211; CFC ve H-CFC i\u00e7ermez.<br \/>\n&#8211; \u00c7o\u011fu y\u00fczeyde m\u00fckemmel yap\u0131\u015fma sa\u011flar (Teflon, PE ve PP hari\u00e7)<br \/>\n&#8211; Y\u00fcksek \u0131s\u0131 ve ses izolasyonu<br \/>\n&#8211; \u00c7ok iyi doldurma \u00f6zelli\u011fi<br \/>\n&#8211; Y\u00fcksek yap\u0131\u015fma mukavemeti<br \/>\n&#8211; M\u00fckemmel kararl\u0131l\u0131k (art-geni\u015fletme veya k\u00fc\u00e7\u00fclme yok)<br \/>\n&#8211; Tam kurumadan sonra boyanabilir.<\/span><\/div>\n<div><\/div>\n<div class=\"titel\"><strong><span id=\"ctl00_ContentPlaceHolder1_toepassingenLBL\">UYGULAMALAR<\/span><\/strong><\/div>\n<div class=\"tekst\"><span id=\"ctl00_ContentPlaceHolder1_toepassingen\">&#8211; Pencere ve kap\u0131 \u00e7er\u00e7evelerine yang\u0131n geciktirici sistemin montaj\u0131.<br \/>\n&#8211; B\u00f6lme duvar, tavan ve zemin aras\u0131ndaki ba\u011flant\u0131lar i\u00e7in yang\u0131n ve duman geciktirici dolgu malzemesi<br \/>\n&#8211; Bo\u015fluklar\u0131n doldurulmas\u0131<br \/>\n&#8211; Yang\u0131n geciktirici \u00f6zelli\u011fin olmas\u0131 gereken a\u015fa\u011f\u0131daki uygulamalarda:<br \/>\n&#8211; \u00c7at\u0131 konstr\u00fcksiyonlar\u0131nda t\u00fcm a\u00e7\u0131kl\u0131klar\u0131n s\u0131zd\u0131rmazl\u0131\u011f\u0131<br \/>\n&#8211; Kablo ve boru ba\u011flant\u0131lar\u0131n\u0131n s\u0131zd\u0131rmazl\u0131\u011f\u0131<br \/>\n&#8211; Ses ge\u00e7irmez bir ekran olu\u015fturulmas\u0131<br \/>\n&#8211; Yal\u0131t\u0131m malzemelerinin ba\u011flanmas\u0131\/yap\u0131\u015ft\u0131r\u0131lmas\u0131<br \/>\n&#8211; ses yal\u0131t\u0131m tabakalar\u0131n\u0131n uygulanmas\u0131<br \/>\n&#8211; So\u011fuk depo alanlar\u0131nda \u0131s\u0131l yal\u0131t\u0131m\u0131n iyile\u015ftirilmesi<\/span><\/div>\n<div class=\"titel\"><\/div>\n<div class=\"tekst\"><\/div>\n<div class=\"titel\"><strong><span id=\"ctl00_ContentPlaceHolder1_gebruiksaanwijzingLBL\">KULLANIM UYARILARI<\/span><\/strong><\/div>\n<div class=\"tekst\"><span id=\"ctl00_ContentPlaceHolder1_gebruiksaanwijzing\">En az 20 saniye boyunca aerosol kutuyu \u00e7alkalay\u0131n.<br \/>\nAdapt\u00f6r\u00fc kapa\u011fa yerle\u015ftirin. Uygulama \u00f6ncesinde bir su p\u00fcsk\u00fcrt\u00fcc\u00fc ile y\u00fczeyleri nemlendirin. Durdurmak i\u00e7in aplikat\u00f6r \u00fczerindeki bas\u0131nc\u0131 kald\u0131r\u0131n. K\u00f6p\u00fc\u011f\u00fcn yay\u0131lmas\u0131 i\u00e7in, bo\u015fluk ve delikleri %80 oran\u0131nda doldurun.<br \/>\nUygulama boyunca d\u00fczenli aral\u0131klarla \u00e7alkalamay\u0131 tekrarlay\u0131n. E\u011fer tabakalarla \u00e7al\u0131\u015fmak zorundaysan\u0131z, her tabakadan sonra nemlendirme i\u015flemini tekrar ediniz. Taze k\u00f6p\u00fck Soudal K\u00f6p\u00fck Temizleyicisi (Soudal FoamCleaner) veya aseton kullan\u0131larak temizlenebilir. Sertle\u015fen k\u00f6p\u00fck<br \/>\nsadece mekanik olarak temizlenebilir.<br \/>\n\u00c7al\u0131\u015fma s\u0131cakl\u0131\u011f\u0131: +5\u00b0C +35\u00b0C aras\u0131d\u0131r.( 20\u00b0C &#8211; 25\u00b0C aras\u0131 \u00f6nerilir)<\/span><\/div>\n<\/div>\n<\/div>\n<\/div>\n<\/div>\n<\/div>\n<\/div>\n","protected":false},"excerpt":{"rendered":"<p><span id=\"ctl00_ContentPlaceHolder1_omschrijving\">Soudafoam FR Gun, tekbile\u015fenli, kendili\u011finden genle\u015febilen, ozon tabakas\u0131na tamamen zarars\u0131z olan yak\u0131tlar i\u00e7eren, kullan\u0131ma haz\u0131r poli\u00fcretan k\u00f6p\u00fck. Belirli durumlarda 360 dakikaya kadar bir yanma derecesi vard\u0131r.<\/span><\/p>\n","protected":false},"featured_media":3382,"comment_status":"open","ping_status":"closed","template":"","meta":[],"product_brand":[],"product_cat":[238],"product_tag":[358],"class_list":{"0":"post-3381","1":"product","2":"type-product","3":"status-publish","4":"has-post-thumbnail","6":"product_cat-mastikler-2","7":"product_tag-soudafoam-fr-gun","9":"first","10":"instock","11":"taxable","12":"shipping-taxable","13":"product-type-simple"},"_links":{"self":[{"href":"https:\/\/timeksyalitim.com.tr\/home\/wp-json\/wp\/v2\/product\/3381","targetHints":{"allow":["GET"]}}],"collection":[{"href":"https:\/\/timeksyalitim.com.tr\/home\/wp-json\/wp\/v2\/product"}],"about":[{"href":"https:\/\/timeksyalitim.com.tr\/home\/wp-json\/wp\/v2\/types\/product"}],"replies":[{"embeddable":true,"href":"https:\/\/timeksyalitim.com.tr\/home\/wp-json\/wp\/v2\/comments?post=3381"}],"wp:featuredmedia":[{"embeddable":true,"href":"https:\/\/timeksyalitim.com.tr\/home\/wp-json\/wp\/v2\/media\/3382"}],"wp:attachment":[{"href":"https:\/\/timeksyalitim.com.tr\/home\/wp-json\/wp\/v2\/media?parent=3381"}],"wp:term":[{"taxonomy":"product_brand","embeddable":true,"href":"https:\/\/timeksyalitim.com.tr\/home\/wp-json\/wp\/v2\/product_brand?post=3381"},{"taxonomy":"product_cat","embeddable":true,"href":"https:\/\/timeksyalitim.com.tr\/home\/wp-json\/wp\/v2\/product_cat?post=3381"},{"taxonomy":"product_tag","embeddable":true,"href":"https:\/\/timeksyalitim.com.tr\/home\/wp-json\/wp\/v2\/product_tag?post=3381"}],"curies":[{"name":"wp","href":"https:\/\/api.w.org\/{rel}","templated":true}]}}