{"id":3481,"date":"2022-11-28T09:43:34","date_gmt":"2022-11-28T06:43:34","guid":{"rendered":"http:\/\/timeksyalitim.com.tr\/home\/?post_type=product&#038;p=3481"},"modified":"2022-11-28T09:47:14","modified_gmt":"2022-11-28T06:47:14","slug":"weber-dry-ss-7-easy","status":"publish","type":"product","link":"https:\/\/timeksyalitim.com.tr\/home\/product\/weber-dry-ss-7-easy\/","title":{"rendered":"Weber Dry SS-7 Easy"},"content":{"rendered":"<p>Polimer em\u00fclsiyon modifiyeli, \u00e7imento esasl\u0131, \u00e7ift komponentli, CMP s\u0131n\u0131f\u0131, yar\u0131 elastik su yal\u0131t\u0131m harc\u0131.<\/p>\n<p>T\u00fcm yap\u0131larda, \u00f6zellikle balkon, banyo, tuvalet ve mutfak gibi \u0131slak mekanlarda, seramik alt\u0131 su yal\u0131t\u0131m malzemesi olarak kullan\u0131l\u0131r.<\/p>\n<p><strong>Uygulama alan\u0131<\/strong><\/p>\n<ul>\n<li>Duvar<\/li>\n<li>Zemin<\/li>\n<\/ul>\n<p><strong>\u00dcr\u00fcn Bilgileri<\/strong><\/p>\n<ul>\n<li>Uygulama aletleri: El mikseri, f\u0131r\u00e7a, mala<\/li>\n<li>Ortam s\u0131cakl\u0131\u011f\u0131: +5\u00b0C ile +30\u00b0C aras\u0131<\/li>\n<li>Uygulanabilecek kat adeti: 2-3 kat<\/li>\n<li>Harc\u0131n kullan\u0131labilme s\u00fcresi: Max. 2 saat<\/li>\n<li>Katlar aras\u0131nda bekleme s\u00fcresi: Ort. 6 saat<\/li>\n<li>\u00dczerine seramik uygulamas\u0131 i\u00e7in beklenilmesi gereken s\u00fcre: 1-2 g\u00fcn<\/li>\n<li>Mekanik mukavemet kazanma s\u00fcresi: 3 g\u00fcn<\/li>\n<li>Su ge\u00e7irimsiz hale gelme s\u00fcresi: 7 g\u00fcn<\/li>\n<li>Tam kuruma s\u00fcresi: Min. 48 saat<\/li>\n<\/ul>\n<p><strong>Avantajlar\u0131<\/strong><\/p>\n<ul>\n<li>Geli\u015ftirilmi\u015f, kolay ve rahat uygulama \u00f6zellikleri<\/li>\n<li>Seramik uygulamas\u0131na h\u0131zl\u0131 ge\u00e7i\u015f imkan\u0131<\/li>\n<li>Banyo, mutfak ve balkonlarda g\u00fcvenli kullan\u0131m<\/li>\n<\/ul>\n<p><strong>Uyar\u0131lar ve \u00d6neriler<\/strong><\/p>\n<ul>\n<li>Ah\u015fap, sunta, kontrplak ve metal y\u00fczeylerde uygulanmaz.<\/li>\n<li>Negatif su bas\u0131nc\u0131na kar\u015f\u0131 uygulanmaz.<\/li>\n<li>\u0130\u00e7me suyu depolar\u0131nda ve teraslarda uygulanmaz.<\/li>\n<li>Direkt g\u00fcne\u015f \u0131\u015f\u0131\u011f\u0131na maruz kalabilecek yerlerde \u00e7\u0131plak b\u0131rak\u0131lmamal\u0131d\u0131r.<\/li>\n<\/ul>\n","protected":false},"excerpt":{"rendered":"<p>Polimer em\u00fclsiyon modifiyeli, \u00e7imento esasl\u0131, \u00e7ift komponentli, CMP s\u0131n\u0131f\u0131, yar\u0131 elastik su yal\u0131t\u0131m harc\u0131.<\/p>\n","protected":false},"featured_media":3483,"comment_status":"open","ping_status":"closed","template":"","meta":[],"product_brand":[],"product_cat":[224,228],"product_tag":[400],"class_list":{"0":"post-3481","1":"product","2":"type-product","3":"status-publish","4":"has-post-thumbnail","6":"product_cat-harclar","7":"product_cat-su-yalitim-urunleri","8":"product_tag-weber-dry-ss-7-easy","10":"first","11":"instock","12":"taxable","13":"shipping-taxable","14":"product-type-simple"},"_links":{"self":[{"href":"https:\/\/timeksyalitim.com.tr\/home\/wp-json\/wp\/v2\/product\/3481","targetHints":{"allow":["GET"]}}],"collection":[{"href":"https:\/\/timeksyalitim.com.tr\/home\/wp-json\/wp\/v2\/product"}],"about":[{"href":"https:\/\/timeksyalitim.com.tr\/home\/wp-json\/wp\/v2\/types\/product"}],"replies":[{"embeddable":true,"href":"https:\/\/timeksyalitim.com.tr\/home\/wp-json\/wp\/v2\/comments?post=3481"}],"wp:featuredmedia":[{"embeddable":true,"href":"https:\/\/timeksyalitim.com.tr\/home\/wp-json\/wp\/v2\/media\/3483"}],"wp:attachment":[{"href":"https:\/\/timeksyalitim.com.tr\/home\/wp-json\/wp\/v2\/media?parent=3481"}],"wp:term":[{"taxonomy":"product_brand","embeddable":true,"href":"https:\/\/timeksyalitim.com.tr\/home\/wp-json\/wp\/v2\/product_brand?post=3481"},{"taxonomy":"product_cat","embeddable":true,"href":"https:\/\/timeksyalitim.com.tr\/home\/wp-json\/wp\/v2\/product_cat?post=3481"},{"taxonomy":"product_tag","embeddable":true,"href":"https:\/\/timeksyalitim.com.tr\/home\/wp-json\/wp\/v2\/product_tag?post=3481"}],"curies":[{"name":"wp","href":"https:\/\/api.w.org\/{rel}","templated":true}]}}