{"id":3484,"date":"2022-11-28T09:48:42","date_gmt":"2022-11-28T06:48:42","guid":{"rendered":"http:\/\/timeksyalitim.com.tr\/home\/?post_type=product&#038;p=3484"},"modified":"2022-11-28T09:52:27","modified_gmt":"2022-11-28T06:52:27","slug":"weber-dry-fdf-plus","status":"publish","type":"product","link":"https:\/\/timeksyalitim.com.tr\/home\/product\/weber-dry-fdf-plus\/","title":{"rendered":"Weber Dry FDF Plus"},"content":{"rendered":"<p>Elastomerik re\u00e7ine esasl\u0131, kullan\u0131ma haz\u0131r, UV dayan\u0131ml\u0131, s\u00fcper elastik su yal\u0131t\u0131m malzemesi<\/p>\n<p>T\u00fcm yap\u0131lar\u0131n i\u00e7 ve d\u0131\u015f mekanlar\u0131nda, \u00e7at\u0131larda, dere ve oluklarda, baca ve parapet kenarlar\u0131nda, kuzey cephelerde, UV dayan\u0131ml\u0131, renkli, kullan\u0131ma haz\u0131r, s\u00fcper elastik su yal\u0131t\u0131m malzemesi olarak kullan\u0131l\u0131r.<\/p>\n<ul>\n<li>UV Dayan\u0131m\u0131 S\u00fcper Elastik<\/li>\n<\/ul>\n<p><strong>Uygulama alan\u0131<\/strong><\/p>\n<ul>\n<li>Duvar<\/li>\n<li>Zemin<\/li>\n<\/ul>\n<p><strong>\u00dcr\u00fcn Bilgileri<\/strong><\/p>\n<ul>\n<li>Uygulama aletleri: F\u0131r\u00e7a, rulo, havas\u0131z sprey.<\/li>\n<li>Ortam S\u0131cakl\u0131\u011f\u0131: +10\u00b0C ile +35\u00b0C aras\u0131.<\/li>\n<li>Katlar aras\u0131nda bekleme s\u00fcresi: 6 saat.<\/li>\n<li>Y\u00fczey kuruma s\u00fcresi: 2-4 saat.<\/li>\n<li>Tam kuruma s\u00fcresi: 48 saat.<\/li>\n<li>Mekanik mukavemet kazanma s\u00fcresi: 7 g\u00fcn.<\/li>\n<li>Uygulama kal\u0131nl\u0131\u011f\u0131: 1 &#8211; 1,5 mm.<\/li>\n<\/ul>\n<p><strong>Avantajlar\u0131<\/strong><\/p>\n<ul>\n<li>Geli\u015ftirilmi\u015f UV dayan\u0131m\u0131 ve yans\u0131tma \u00f6zelli\u011fi<\/li>\n<li>S\u00fcper elastik yap\u0131s\u0131 ile s\u0131cakl\u0131k farklar\u0131na dayan\u0131m<\/li>\n<li>D\u00fc\u015f\u00fck s\u0131cakl\u0131klarda dahi 1 mm&#8217;den fazla \u00e7atlak k\u00f6pr\u00fcleme<\/li>\n<li>Su g\u00f6llenmesine kar\u015f\u0131 dayan\u0131m<\/li>\n<li>Hafif yaya trafi\u011fine dayan\u0131m<\/li>\n<\/ul>\n<p><strong>Uyar\u0131lar ve \u00d6neriler<\/strong><\/p>\n<ul>\n<li>Negatif su bas\u0131nc\u0131na kar\u015f\u0131 uygulanmaz.<\/li>\n<\/ul>\n","protected":false},"excerpt":{"rendered":"<p>Elastomerik re\u00e7ine esasl\u0131, kullan\u0131ma haz\u0131r, UV dayan\u0131ml\u0131, s\u00fcper elastik su yal\u0131t\u0131m malzemesi<\/p>\n","protected":false},"featured_media":3485,"comment_status":"open","ping_status":"closed","template":"","meta":[],"product_brand":[],"product_cat":[228],"product_tag":[401],"class_list":{"0":"post-3484","1":"product","2":"type-product","3":"status-publish","4":"has-post-thumbnail","6":"product_cat-su-yalitim-urunleri","7":"product_tag-weber-dry-fdf-plus","9":"first","10":"instock","11":"taxable","12":"shipping-taxable","13":"product-type-simple"},"_links":{"self":[{"href":"https:\/\/timeksyalitim.com.tr\/home\/wp-json\/wp\/v2\/product\/3484","targetHints":{"allow":["GET"]}}],"collection":[{"href":"https:\/\/timeksyalitim.com.tr\/home\/wp-json\/wp\/v2\/product"}],"about":[{"href":"https:\/\/timeksyalitim.com.tr\/home\/wp-json\/wp\/v2\/types\/product"}],"replies":[{"embeddable":true,"href":"https:\/\/timeksyalitim.com.tr\/home\/wp-json\/wp\/v2\/comments?post=3484"}],"wp:featuredmedia":[{"embeddable":true,"href":"https:\/\/timeksyalitim.com.tr\/home\/wp-json\/wp\/v2\/media\/3485"}],"wp:attachment":[{"href":"https:\/\/timeksyalitim.com.tr\/home\/wp-json\/wp\/v2\/media?parent=3484"}],"wp:term":[{"taxonomy":"product_brand","embeddable":true,"href":"https:\/\/timeksyalitim.com.tr\/home\/wp-json\/wp\/v2\/product_brand?post=3484"},{"taxonomy":"product_cat","embeddable":true,"href":"https:\/\/timeksyalitim.com.tr\/home\/wp-json\/wp\/v2\/product_cat?post=3484"},{"taxonomy":"product_tag","embeddable":true,"href":"https:\/\/timeksyalitim.com.tr\/home\/wp-json\/wp\/v2\/product_tag?post=3484"}],"curies":[{"name":"wp","href":"https:\/\/api.w.org\/{rel}","templated":true}]}}