{"id":3520,"date":"2022-11-28T12:08:31","date_gmt":"2022-11-28T09:08:31","guid":{"rendered":"http:\/\/timeksyalitim.com.tr\/home\/?post_type=product&#038;p=3520"},"modified":"2022-11-28T12:44:39","modified_gmt":"2022-11-28T09:44:39","slug":"weber-foam-fr","status":"publish","type":"product","link":"https:\/\/timeksyalitim.com.tr\/home\/product\/weber-foam-fr\/","title":{"rendered":"Weber Foam FR"},"content":{"rendered":"<p>Poli\u00fcretan esasl\u0131, tek bile\u015fenli, yanmaya kar\u015f\u0131 diren\u00e7li dolgu ve yal\u0131t\u0131m k\u00f6p\u00fc\u011f\u00fc.<\/p>\n<p>Kap\u0131 ve pencere kasalar\u0131n\u0131n sabitlenmesinde; elektrik tesisatlar\u0131n\u0131n, s\u0131cak-so\u011fuk su borular\u0131n\u0131n, klima sistemlerinin duvar ge\u00e7i\u015flerinde sabitlenmesi ve yal\u0131t\u0131m\u0131nda; duvarlardaki ve \u00e7at\u0131 konstr\u00fcksiyonlar\u0131ndaki \u00e7atlak ve bo\u015fluklar\u0131n doldurulmas\u0131nda; genle\u015fme derzlerinin kapat\u0131lmas\u0131nda yang\u0131n dayan\u0131ml\u0131 dolgu ve yal\u0131t\u0131m malzemesi olarak kullan\u0131l\u0131r.<\/p>\n<p><strong>Uygulama Alan\u0131<\/strong><\/p>\n<ul>\n<li>Duvar<\/li>\n<li>Zemin<\/li>\n<li>Tavan<\/li>\n<\/ul>\n<p><strong>Avantajlar\u0131<\/strong><\/p>\n<ul>\n<li>M\u00fckemmel yap\u0131\u015fma \u00f6zelli\u011fi<\/li>\n<li>Y\u00fcksek bo\u015fluk doldurma kapasitesi<\/li>\n<li>Y\u00fcksek \u0131s\u0131 ve ses izolasyonu<\/li>\n<li>B1 s\u0131n\u0131f\u0131 yang\u0131n dayan\u0131m\u0131<\/li>\n<li>Gaz ve dumana kar\u015f\u0131 etkin izolasyon<\/li>\n<\/ul>\n<p><strong>Uyar\u0131lar ve \u00d6neriler<\/strong><\/p>\n<ul>\n<li>Polietilen, silikon ve teflon y\u00fczeylere yap\u0131\u015fmaz.<\/li>\n<li><b>weber foam FR\u00a0<\/b>yakla\u015f\u0131k 1,5-2 kat genle\u015fece\u011fi i\u00e7in bo\u015fluklar tamamen doldurulmamal\u0131d\u0131r.<\/li>\n<li>Derin bo\u015fluklar tabakalar halinde doldurulmal\u0131d\u0131r.<\/li>\n<li>Sertle\u015fmi\u015f malzeme yaln\u0131zca mekanik olarak temizlenebilir.<\/li>\n<li>D\u00fc\u015f\u00fck s\u0131cakl\u0131klarda ambalajlar yakla\u015f\u0131k 20 dakika oda s\u0131cakl\u0131\u011f\u0131nda bekletildikten sonra kullan\u0131lmal\u0131d\u0131r.<\/li>\n<li>\u0130yi havaland\u0131r\u0131lm\u0131\u015f alanlarda kullan\u0131lmal\u0131; uygulama esnas\u0131nda mutlaka eldiven be g\u00f6zl\u00fck kullan\u0131lmal\u0131, g\u00f6z ve deri temas\u0131ndan ka\u00e7\u0131n\u0131lmal\u0131d\u0131r.<\/li>\n<\/ul>\n<p>&nbsp;<\/p>\n","protected":false},"excerpt":{"rendered":"<p>Poli\u00fcretan esasl\u0131, tek bile\u015fenli, yanmaya kar\u015f\u0131 diren\u00e7li dolgu ve yal\u0131t\u0131m k\u00f6p\u00fc\u011f\u00fc.<\/p>\n","protected":false},"featured_media":3522,"comment_status":"open","ping_status":"closed","template":"","meta":[],"product_brand":[],"product_cat":[238],"product_tag":[417],"class_list":{"0":"post-3520","1":"product","2":"type-product","3":"status-publish","4":"has-post-thumbnail","6":"product_cat-mastikler-2","7":"product_tag-weber-foam-fr","9":"first","10":"instock","11":"taxable","12":"shipping-taxable","13":"product-type-simple"},"_links":{"self":[{"href":"https:\/\/timeksyalitim.com.tr\/home\/wp-json\/wp\/v2\/product\/3520","targetHints":{"allow":["GET"]}}],"collection":[{"href":"https:\/\/timeksyalitim.com.tr\/home\/wp-json\/wp\/v2\/product"}],"about":[{"href":"https:\/\/timeksyalitim.com.tr\/home\/wp-json\/wp\/v2\/types\/product"}],"replies":[{"embeddable":true,"href":"https:\/\/timeksyalitim.com.tr\/home\/wp-json\/wp\/v2\/comments?post=3520"}],"wp:featuredmedia":[{"embeddable":true,"href":"https:\/\/timeksyalitim.com.tr\/home\/wp-json\/wp\/v2\/media\/3522"}],"wp:attachment":[{"href":"https:\/\/timeksyalitim.com.tr\/home\/wp-json\/wp\/v2\/media?parent=3520"}],"wp:term":[{"taxonomy":"product_brand","embeddable":true,"href":"https:\/\/timeksyalitim.com.tr\/home\/wp-json\/wp\/v2\/product_brand?post=3520"},{"taxonomy":"product_cat","embeddable":true,"href":"https:\/\/timeksyalitim.com.tr\/home\/wp-json\/wp\/v2\/product_cat?post=3520"},{"taxonomy":"product_tag","embeddable":true,"href":"https:\/\/timeksyalitim.com.tr\/home\/wp-json\/wp\/v2\/product_tag?post=3520"}],"curies":[{"name":"wp","href":"https:\/\/api.w.org\/{rel}","templated":true}]}}