{"id":3559,"date":"2022-11-28T15:32:08","date_gmt":"2022-11-28T12:32:08","guid":{"rendered":"http:\/\/timeksyalitim.com.tr\/home\/?post_type=product&#038;p=3559"},"modified":"2022-11-28T15:34:57","modified_gmt":"2022-11-28T12:34:57","slug":"weber-prim-bt-max","status":"publish","type":"product","link":"https:\/\/timeksyalitim.com.tr\/home\/product\/weber-prim-bt-max\/","title":{"rendered":"Weber Prim Bt-Max"},"content":{"rendered":"<p>Polimer em\u00fclsiyon esasl\u0131 br\u00fct beton astar\u0131<\/p>\n<p>T\u00fcm yap\u0131larda su emicili\u011fi y\u00fcksek br\u00fct beton y\u00fczeylerde, duvar ve tavanlarda, \u00e7imento ve al\u00e7\u0131 esasl\u0131 s\u0131va alt\u0131na, aderans\u0131 ve \u00e7al\u0131\u015fma s\u00fcresini art\u0131rmak, su emicili\u011fi engellemek amac\u0131yla astar olarak kullan\u0131l\u0131r.<\/p>\n<p><strong>Uygulama alan\u0131<\/strong><\/p>\n<ul>\n<li>Duvar<\/li>\n<li>Tavan<\/li>\n<\/ul>\n<p><strong>\u00dcr\u00fcn Bilgileri<\/strong><\/p>\n<ul>\n<li>Uygulama aletleri: Posteki rulo.<\/li>\n<li>Ortam s\u0131cakl\u0131\u011f\u0131: +5\u00b0C ile +35\u00b0C aras\u0131<\/li>\n<li>Renk: Turkuaz.<\/li>\n<li>Yo\u011funluk: 1,54 kg\/lt.<\/li>\n<li>Kuruma s\u00fcresi: 60-120 dakika<\/li>\n<\/ul>\n<p><strong>Avantajlar\u0131<\/strong><\/p>\n<ul>\n<li>Rahat uygulama<\/li>\n<li>Y\u00fcksek aderans<\/li>\n<li>Su kayb\u0131n\u0131 dengeleme<\/li>\n<\/ul>\n<p><strong>Uyar\u0131lar ve \u00d6neriler<\/strong><\/p>\n<ul>\n<li>Islak veya nemli y\u00fczeylerde kesinlikle uygulanmaz.<\/li>\n<li><strong>weber.prim BT-MAX<\/strong>\u00a0uygulamas\u0131ndan en az 24 saat sonra\u00a0mutlaka s\u0131va, al\u00e7\u0131 uygulamas\u0131na ge\u00e7ilmelidir.<\/li>\n<\/ul>\n","protected":false},"excerpt":{"rendered":"<p>Polimer em\u00fclsiyon esasl\u0131 br\u00fct beton astar\u0131<\/p>\n","protected":false},"featured_media":3560,"comment_status":"open","ping_status":"closed","template":"","meta":[],"product_brand":[],"product_cat":[239],"product_tag":[436],"class_list":{"0":"post-3559","1":"product","2":"type-product","3":"status-publish","4":"has-post-thumbnail","6":"product_cat-astarlar-2","7":"product_tag-weber-prim-bt-max","9":"first","10":"instock","11":"taxable","12":"shipping-taxable","13":"product-type-simple"},"_links":{"self":[{"href":"https:\/\/timeksyalitim.com.tr\/home\/wp-json\/wp\/v2\/product\/3559","targetHints":{"allow":["GET"]}}],"collection":[{"href":"https:\/\/timeksyalitim.com.tr\/home\/wp-json\/wp\/v2\/product"}],"about":[{"href":"https:\/\/timeksyalitim.com.tr\/home\/wp-json\/wp\/v2\/types\/product"}],"replies":[{"embeddable":true,"href":"https:\/\/timeksyalitim.com.tr\/home\/wp-json\/wp\/v2\/comments?post=3559"}],"wp:featuredmedia":[{"embeddable":true,"href":"https:\/\/timeksyalitim.com.tr\/home\/wp-json\/wp\/v2\/media\/3560"}],"wp:attachment":[{"href":"https:\/\/timeksyalitim.com.tr\/home\/wp-json\/wp\/v2\/media?parent=3559"}],"wp:term":[{"taxonomy":"product_brand","embeddable":true,"href":"https:\/\/timeksyalitim.com.tr\/home\/wp-json\/wp\/v2\/product_brand?post=3559"},{"taxonomy":"product_cat","embeddable":true,"href":"https:\/\/timeksyalitim.com.tr\/home\/wp-json\/wp\/v2\/product_cat?post=3559"},{"taxonomy":"product_tag","embeddable":true,"href":"https:\/\/timeksyalitim.com.tr\/home\/wp-json\/wp\/v2\/product_tag?post=3559"}],"curies":[{"name":"wp","href":"https:\/\/api.w.org\/{rel}","templated":true}]}}