{"id":3567,"date":"2022-11-28T15:48:25","date_gmt":"2022-11-28T12:48:25","guid":{"rendered":"http:\/\/timeksyalitim.com.tr\/home\/?post_type=product&#038;p=3567"},"modified":"2022-11-28T15:50:34","modified_gmt":"2022-11-28T12:50:34","slug":"weber-prim-art","status":"publish","type":"product","link":"https:\/\/timeksyalitim.com.tr\/home\/product\/weber-prim-art\/","title":{"rendered":"Weber Prim Art"},"content":{"rendered":"<p>Porozitesi ve emicili\u011fi y\u00fcksek y\u00fczeylerde; sentetik ve su bazl\u0131 boyalar \u00f6ncesinde aderans\u00a0artt\u0131r\u0131c\u0131 ve son kat boya t\u00fcketimini minimize eden; seramik uygulamas\u0131 \u00f6ncesinde, su ve nem\u00a0ge\u00e7irimsizli\u011fini sa\u011flamak, tozumay\u0131 \u00f6nlemek ve\u00a0sa\u011flam yap\u0131\u015fmay\u0131 sa\u011flamak\u00a0amac\u0131yla kullan\u0131lan\u00a0saten astar.<\/p>\n<p>Yap\u0131lar\u0131n i\u00e7 cephelerinde \u00f6zellikle porozitesi ve emicili\u011fi y\u00fcksek y\u00fczeylerde sentetik ve su bazl\u0131 boyalar\u0131n alt\u0131na, aderans\u0131 artt\u0131rmak ve son kat boya t\u00fcketimini azaltmak amac\u0131yla astar olarak kullan\u0131l\u0131r.\u00a0Porozitesi ve emicili\u011fi y\u00fcksek y\u00fczeylerde, seramik uygulamas\u0131 \u00f6ncesinde, su ve nem ge\u00e7irimsizli\u011fini sa\u011flamak, tozumay\u0131 \u00f6nlemek ve sa\u011flam yap\u0131\u015fmay\u0131 sa\u011flamak i\u00e7in kullan\u0131l\u0131r.\u00a0\u00d6zellikle al\u00e7\u0131 y\u00fczeyler i\u00e7in uygulanmas\u0131 uygundur.<\/p>\n<p><strong>Uygulama alan\u0131<\/strong><\/p>\n<ul>\n<li>Duvar<\/li>\n<li>Tavan<\/li>\n<\/ul>\n<p><strong>\u00dcr\u00fcn Bilgileri<\/strong><\/p>\n<ul>\n<li>Uygulama Aletleri: Posteki rulo,f\u0131r\u00e7a.<\/li>\n<li>Ortam s\u0131cakl\u0131\u011f\u0131: +5 \u00b0C ile +30 \u00b0C aras\u0131.<\/li>\n<li>Kuruma s\u00fcresi: 6-24 saat<\/li>\n<\/ul>\n<p><strong>Uyar\u0131lar ve \u00d6neriler<\/strong><\/p>\n<ul>\n<li>Islak, nemli ve tozlu y\u00fczeylerde kesinlikle uygulanmaz.<\/li>\n<li>Ah\u015fap ve metal y\u00fczeylerde uygulanmaz.<\/li>\n<li>Do\u011frudan duvar ka\u011f\u0131d\u0131 \u00fczerine uygulanmaz.<\/li>\n<li>Seramik \u00fczeri seramik uygulamalar\u0131nda kullan\u0131lmaz.<\/li>\n<\/ul>\n","protected":false},"excerpt":{"rendered":"<p>Porozitesi ve emicili\u011fi y\u00fcksek y\u00fczeylerde; sentetik ve su bazl\u0131 boyalar \u00f6ncesinde aderans\u00a0artt\u0131r\u0131c\u0131 ve son kat boya t\u00fcketimini minimize eden; seramik uygulamas\u0131 \u00f6ncesinde, su ve nem\u00a0ge\u00e7irimsizli\u011fini sa\u011flamak, tozumay\u0131 \u00f6nlemek ve\u00a0sa\u011flam yap\u0131\u015fmay\u0131 sa\u011flamak\u00a0amac\u0131yla kullan\u0131lan\u00a0saten astar.<\/p>\n","protected":false},"featured_media":3568,"comment_status":"open","ping_status":"closed","template":"","meta":[],"product_brand":[],"product_cat":[239],"product_tag":[440],"class_list":{"0":"post-3567","1":"product","2":"type-product","3":"status-publish","4":"has-post-thumbnail","6":"product_cat-astarlar-2","7":"product_tag-weber-prim-art","9":"first","10":"instock","11":"taxable","12":"shipping-taxable","13":"product-type-simple"},"_links":{"self":[{"href":"https:\/\/timeksyalitim.com.tr\/home\/wp-json\/wp\/v2\/product\/3567","targetHints":{"allow":["GET"]}}],"collection":[{"href":"https:\/\/timeksyalitim.com.tr\/home\/wp-json\/wp\/v2\/product"}],"about":[{"href":"https:\/\/timeksyalitim.com.tr\/home\/wp-json\/wp\/v2\/types\/product"}],"replies":[{"embeddable":true,"href":"https:\/\/timeksyalitim.com.tr\/home\/wp-json\/wp\/v2\/comments?post=3567"}],"wp:featuredmedia":[{"embeddable":true,"href":"https:\/\/timeksyalitim.com.tr\/home\/wp-json\/wp\/v2\/media\/3568"}],"wp:attachment":[{"href":"https:\/\/timeksyalitim.com.tr\/home\/wp-json\/wp\/v2\/media?parent=3567"}],"wp:term":[{"taxonomy":"product_brand","embeddable":true,"href":"https:\/\/timeksyalitim.com.tr\/home\/wp-json\/wp\/v2\/product_brand?post=3567"},{"taxonomy":"product_cat","embeddable":true,"href":"https:\/\/timeksyalitim.com.tr\/home\/wp-json\/wp\/v2\/product_cat?post=3567"},{"taxonomy":"product_tag","embeddable":true,"href":"https:\/\/timeksyalitim.com.tr\/home\/wp-json\/wp\/v2\/product_tag?post=3567"}],"curies":[{"name":"wp","href":"https:\/\/api.w.org\/{rel}","templated":true}]}}