{"id":3572,"date":"2022-11-28T15:56:28","date_gmt":"2022-11-28T12:56:28","guid":{"rendered":"http:\/\/timeksyalitim.com.tr\/home\/?post_type=product&#038;p=3572"},"modified":"2022-12-02T13:53:49","modified_gmt":"2022-12-02T10:53:49","slug":"weber-pu-2a","status":"publish","type":"product","link":"https:\/\/timeksyalitim.com.tr\/home\/product\/weber-pu-2a\/","title":{"rendered":"Weber PU 2A"},"content":{"rendered":"<p>Poli\u00fcretan esasl\u0131, tek komponentli, UV dayan\u0131ml\u0131, d\u00fc\u015f\u00fck mod\u00fcll\u00fc derz dolgu ve s\u0131zd\u0131rmazl\u0131k masti\u011fi.<\/p>\n<p>\u00d6zellikle geni\u015f \u0131s\u0131 aral\u0131klar\u0131nda s\u00fcrekli elastikiyet ve y\u00fcksek sarkma mukavemeti istenen yatay ve d\u00fczey derzlerde, pre-cast eleman derzlerinde, prefabrik yap\u0131 elemanlar\u0131n\u0131n birle\u015fim detaylar\u0131nda, \u00e7at\u0131 ve teras dilatasyonlar\u0131nda, parapet k\u00f6\u015fe birle\u015fimlerinde, duvar, zemin, pencere ve kap\u0131 \u00e7evresinde kullan\u0131l\u0131r.<\/p>\n<ul>\n<li>UV Dayan\u0131m\u0131<\/li>\n<li>Su \u0130tici<\/li>\n<li>Elastik<\/li>\n<\/ul>\n<p><strong>Uygulama alan\u0131<\/strong><\/p>\n<ul>\n<li>Duvar<\/li>\n<li>Zemin<\/li>\n<li>Tavan<\/li>\n<\/ul>\n<p><strong>\u00dcr\u00fcn Bilgileri<\/strong><\/p>\n<ul>\n<li>Uygulama aletleri: Silikon tabancas\u0131.<\/li>\n<li>Uygulama s\u0131cakl\u0131\u011f\u0131: +5\u00b0C ile +35\u00b0C aras\u0131.<\/li>\n<li>K\u00fcrle\u015fme h\u0131z\u0131 (25\u00b0C, %50 rh): 2 mm\/g\u00fcn<\/li>\n<li>Y\u00fczey kurumas\u0131 (25\u00b0C, %50 rh): 60-90 dk<\/li>\n<\/ul>\n<p><strong>Avantajlar\u0131<\/strong><\/p>\n<ul>\n<li>Kolay uygulama<\/li>\n<li>Rahat y\u00fczey d\u00fczeltme<\/li>\n<li>Y\u00fcksek esneme<\/li>\n<li>Tiksotropik yap\u0131<\/li>\n<\/ul>\n<p><strong>Uyar\u0131lar ve \u00d6neriler<\/strong><\/p>\n<ul>\n<li>Uygulama ortam\u0131nda y\u00fcksek oranda klor olmamal\u0131d\u0131r (klorlanm\u0131\u015f y\u00fczme havuzlar\u0131nda kullan\u0131lmaz).<\/li>\n<li>Ayn\u0131 ortamda ve zamanda uygulanm\u0131\u015f silikon ile birlikte kullan\u0131lmaz.<\/li>\n<li>Malzeme k\u00fcrlenme esnas\u0131nda alkol ve di\u011fer solventli temizlik malzemelerinden uzak tutulmal\u0131d\u0131r.<\/li>\n<\/ul>\n","protected":false},"excerpt":{"rendered":"<p>Poli\u00fcretan esasl\u0131, tek komponentli, UV dayan\u0131ml\u0131, d\u00fc\u015f\u00fck mod\u00fcll\u00fc derz dolgu ve s\u0131zd\u0131rmazl\u0131k masti\u011fi.<\/p>\n","protected":false},"featured_media":3573,"comment_status":"open","ping_status":"closed","template":"","meta":[],"product_brand":[],"product_cat":[238],"product_tag":[442],"class_list":{"0":"post-3572","1":"product","2":"type-product","3":"status-publish","4":"has-post-thumbnail","6":"product_cat-mastikler-2","7":"product_tag-weber-pu-2a","9":"first","10":"instock","11":"featured","12":"taxable","13":"shipping-taxable","14":"product-type-simple"},"_links":{"self":[{"href":"https:\/\/timeksyalitim.com.tr\/home\/wp-json\/wp\/v2\/product\/3572","targetHints":{"allow":["GET"]}}],"collection":[{"href":"https:\/\/timeksyalitim.com.tr\/home\/wp-json\/wp\/v2\/product"}],"about":[{"href":"https:\/\/timeksyalitim.com.tr\/home\/wp-json\/wp\/v2\/types\/product"}],"replies":[{"embeddable":true,"href":"https:\/\/timeksyalitim.com.tr\/home\/wp-json\/wp\/v2\/comments?post=3572"}],"wp:featuredmedia":[{"embeddable":true,"href":"https:\/\/timeksyalitim.com.tr\/home\/wp-json\/wp\/v2\/media\/3573"}],"wp:attachment":[{"href":"https:\/\/timeksyalitim.com.tr\/home\/wp-json\/wp\/v2\/media?parent=3572"}],"wp:term":[{"taxonomy":"product_brand","embeddable":true,"href":"https:\/\/timeksyalitim.com.tr\/home\/wp-json\/wp\/v2\/product_brand?post=3572"},{"taxonomy":"product_cat","embeddable":true,"href":"https:\/\/timeksyalitim.com.tr\/home\/wp-json\/wp\/v2\/product_cat?post=3572"},{"taxonomy":"product_tag","embeddable":true,"href":"https:\/\/timeksyalitim.com.tr\/home\/wp-json\/wp\/v2\/product_tag?post=3572"}],"curies":[{"name":"wp","href":"https:\/\/api.w.org\/{rel}","templated":true}]}}