{"id":3574,"date":"2022-11-28T16:11:19","date_gmt":"2022-11-28T13:11:19","guid":{"rendered":"http:\/\/timeksyalitim.com.tr\/home\/?post_type=product&#038;p=3574"},"modified":"2022-11-28T16:13:41","modified_gmt":"2022-11-28T13:13:41","slug":"weber-rep-ad","status":"publish","type":"product","link":"https:\/\/timeksyalitim.com.tr\/home\/product\/weber-rep-ad\/","title":{"rendered":"Weber Rep AD"},"content":{"rendered":"<p>\u00c7imento esasl\u0131, y\u00fcksek mukavemetli, polimer modifiyeli, korozyon \u00f6nleyici, ba\u011flay\u0131c\u0131 kaplama ve astar malzemesi (R3)<\/p>\n<p>T\u00fcm yap\u0131lar\u0131n beton tamirlerinde donat\u0131lar\u0131n korozyona kar\u015f\u0131 koruyucu kaplama olarak uygulan\u0131r. Ayn\u0131 zamanda eski \u00e7imento esasl\u0131 y\u00fczeyler \u00fczerine taze beton, tamir harc\u0131 ve \u015fap uygulamalar\u0131ndan \u00f6nce ba\u011flay\u0131c\u0131 astar olarak uygulan\u0131r.<\/p>\n<ul>\n<li>Korozyona Dayan\u0131m<\/li>\n<\/ul>\n<p><strong>Uygulama alan\u0131<\/strong><\/p>\n<ul>\n<li>Duvar<\/li>\n<li>Zemin<\/li>\n<li>Tavan<\/li>\n<\/ul>\n<p><strong>\u00dcr\u00fcn Bilgileri<\/strong><\/p>\n<ul>\n<li>Uygulama Aletleri: El mikseri, f\u0131r\u00e7a,rulo.<\/li>\n<li>Y\u00fczey ve ortam s\u0131cakl\u0131\u011f\u0131: +5 \u00b0C ile +30 \u00b0C aras\u0131 olmal\u0131d\u0131r.<\/li>\n<li>Haz\u0131r \u00fcr\u00fcn yo\u011funlu\u011fu: 1,75 gr\/cm3<\/li>\n<li>Kullan\u0131labilme s\u00fcresi: Ort.5 saat<\/li>\n<li>Katlar aras\u0131 bekleme s\u00fcresi: 4 saat<\/li>\n<li>Uygulama kal\u0131nl\u0131\u011f\u0131: En az 1-1,5 mm (2 kat)<\/li>\n<\/ul>\n<p><strong>Avantajlar\u0131<\/strong><\/p>\n<ul>\n<li>Korozyona kar\u015f\u0131 m\u00fckemmel dayan\u0131m<\/li>\n<li>Beton ve donat\u0131ya y\u00fcksek aderans<\/li>\n<li>Y\u00fcksek mekanik dayan\u0131m<\/li>\n<li>Kolay uygulama<\/li>\n<\/ul>\n<p><strong>Uyar\u0131lar ve \u00d6neriler<\/strong><\/p>\n<ul>\n<li>Korozyona u\u011fram\u0131\u015f demirler astar uygulamas\u0131 \u00f6ncesinde\u00a0mekanik yollarla paslar\u0131ndan ve tozlar\u0131ndan ar\u0131nd\u0131r\u0131lmal\u0131d\u0131r.<\/li>\n<li>Y\u00fcksek ba\u011flay\u0131c\u0131l\u0131k \u00f6zelli\u011fi i\u00e7in,\u00a0<b>weber.rep AD\u00a0<\/b>uygulamas\u0131\u00a0biter bitmez, bir sonraki uygulama, \u0131slak \u00fczerine \u0131slak\u00a0\u015feklinde yap\u0131lmal\u0131d\u0131r.<\/li>\n<\/ul>\n","protected":false},"excerpt":{"rendered":"<p>\u00c7imento esasl\u0131, y\u00fcksek mukavemetli, polimer modifiyeli, korozyon \u00f6nleyici, ba\u011flay\u0131c\u0131 kaplama ve astar malzemesi (R3)<\/p>\n","protected":false},"featured_media":3575,"comment_status":"open","ping_status":"closed","template":"","meta":[],"product_brand":[],"product_cat":[239],"product_tag":[443],"class_list":{"0":"post-3574","1":"product","2":"type-product","3":"status-publish","4":"has-post-thumbnail","6":"product_cat-astarlar-2","7":"product_tag-weber-rep-ad","9":"first","10":"instock","11":"taxable","12":"shipping-taxable","13":"product-type-simple"},"_links":{"self":[{"href":"https:\/\/timeksyalitim.com.tr\/home\/wp-json\/wp\/v2\/product\/3574","targetHints":{"allow":["GET"]}}],"collection":[{"href":"https:\/\/timeksyalitim.com.tr\/home\/wp-json\/wp\/v2\/product"}],"about":[{"href":"https:\/\/timeksyalitim.com.tr\/home\/wp-json\/wp\/v2\/types\/product"}],"replies":[{"embeddable":true,"href":"https:\/\/timeksyalitim.com.tr\/home\/wp-json\/wp\/v2\/comments?post=3574"}],"wp:featuredmedia":[{"embeddable":true,"href":"https:\/\/timeksyalitim.com.tr\/home\/wp-json\/wp\/v2\/media\/3575"}],"wp:attachment":[{"href":"https:\/\/timeksyalitim.com.tr\/home\/wp-json\/wp\/v2\/media?parent=3574"}],"wp:term":[{"taxonomy":"product_brand","embeddable":true,"href":"https:\/\/timeksyalitim.com.tr\/home\/wp-json\/wp\/v2\/product_brand?post=3574"},{"taxonomy":"product_cat","embeddable":true,"href":"https:\/\/timeksyalitim.com.tr\/home\/wp-json\/wp\/v2\/product_cat?post=3574"},{"taxonomy":"product_tag","embeddable":true,"href":"https:\/\/timeksyalitim.com.tr\/home\/wp-json\/wp\/v2\/product_tag?post=3574"}],"curies":[{"name":"wp","href":"https:\/\/api.w.org\/{rel}","templated":true}]}}