{"id":3582,"date":"2022-11-28T16:25:13","date_gmt":"2022-11-28T13:25:13","guid":{"rendered":"http:\/\/timeksyalitim.com.tr\/home\/?post_type=product&#038;p=3582"},"modified":"2022-11-28T16:28:55","modified_gmt":"2022-11-28T13:28:55","slug":"weber-sl-hydron-dis-cephe-boyasi","status":"publish","type":"product","link":"https:\/\/timeksyalitim.com.tr\/home\/product\/weber-sl-hydron-dis-cephe-boyasi\/","title":{"rendered":"Weber SL Hydron D\u0131\u015f Cephe Boyas\u0131"},"content":{"rendered":"<p>Siliko-silikat esasl\u0131, kirlenmeye kar\u015f\u0131 direnci y\u00fcksek mat d\u0131\u015f cephe boyas\u0131.<\/p>\n<p>T\u00fcm yap\u0131lar\u0131n d\u0131\u015f cephelerinde boya olarak kullan\u0131l\u0131r.<\/p>\n<ul>\n<li>Mat G\u00f6r\u00fcn\u00fcm<\/li>\n<li>Zor Kirlenen<\/li>\n<li>Su \u0130tici<\/li>\n<li>Silikonlu<\/li>\n<\/ul>\n<p><strong>Uygulama alan\u0131<\/strong><\/p>\n<ul>\n<li>Duvar<\/li>\n<\/ul>\n<p>Renk Se\u00e7enekleri i\u00e7in bizimle ileti\u015fime ge\u00e7iniz.<\/p>\n<p><strong>\u00dcr\u00fcn Bilgileri<\/strong><\/p>\n<ul>\n<li>Uygulama Aletleri: Posteki rulo, f\u0131r\u00e7a.<\/li>\n<li>Ortam s\u0131cakl\u0131\u011f\u0131: +5 \u00b0C ile +30 \u00b0C aras\u0131.<\/li>\n<li>Kuruma s\u00fcresi: 6-24 saat aras\u0131.<\/li>\n<\/ul>\n<p><strong>Avantajlar\u0131<\/strong><\/p>\n<ul>\n<li>Kirlenme direnci standart boyalara g\u00f6re \u00e7ok daha y\u00fcksektir.<\/li>\n<li>Uzun y\u0131llar g\u00fczelli\u011fini koruyan, kal\u0131c\u0131 renklere sahiptir.<\/li>\n<li>Y\u00fcksek su buhar\u0131 ge\u00e7irgenli\u011fine sahiptir.<\/li>\n<li>Su itici \u00f6zelli\u011fe sahiptir.<\/li>\n<li>D\u0131\u015f etkenlere kar\u015f\u0131 dayan\u0131kl\u0131d\u0131r.<\/li>\n<li>Y\u00fcksek \u00f6rt\u00fcc\u00fcl\u00fck ve aderansa sahiptir.<\/li>\n<\/ul>\n<p><strong>Uyar\u0131lar ve \u00d6neriler<\/strong><\/p>\n<ul>\n<li>Yatay ve 45 derecenin alt\u0131nda e\u011fimli y\u00fczeylerde uygulanmaz.<\/li>\n<li>Islak ve nemli y\u00fczeylerde kesinlikle uygulanmaz.<\/li>\n<\/ul>\n","protected":false},"excerpt":{"rendered":"<p>Siliko-silikat esasl\u0131, kirlenmeye kar\u015f\u0131 direnci y\u00fcksek mat d\u0131\u015f cephe boyas\u0131.<\/p>\n","protected":false},"featured_media":3583,"comment_status":"open","ping_status":"closed","template":"","meta":[],"product_brand":[],"product_cat":[226],"product_tag":[447],"class_list":{"0":"post-3582","1":"product","2":"type-product","3":"status-publish","4":"has-post-thumbnail","6":"product_cat-boyalar","7":"product_tag-weber-sl-hydron","9":"first","10":"instock","11":"taxable","12":"shipping-taxable","13":"product-type-simple"},"_links":{"self":[{"href":"https:\/\/timeksyalitim.com.tr\/home\/wp-json\/wp\/v2\/product\/3582","targetHints":{"allow":["GET"]}}],"collection":[{"href":"https:\/\/timeksyalitim.com.tr\/home\/wp-json\/wp\/v2\/product"}],"about":[{"href":"https:\/\/timeksyalitim.com.tr\/home\/wp-json\/wp\/v2\/types\/product"}],"replies":[{"embeddable":true,"href":"https:\/\/timeksyalitim.com.tr\/home\/wp-json\/wp\/v2\/comments?post=3582"}],"wp:featuredmedia":[{"embeddable":true,"href":"https:\/\/timeksyalitim.com.tr\/home\/wp-json\/wp\/v2\/media\/3583"}],"wp:attachment":[{"href":"https:\/\/timeksyalitim.com.tr\/home\/wp-json\/wp\/v2\/media?parent=3582"}],"wp:term":[{"taxonomy":"product_brand","embeddable":true,"href":"https:\/\/timeksyalitim.com.tr\/home\/wp-json\/wp\/v2\/product_brand?post=3582"},{"taxonomy":"product_cat","embeddable":true,"href":"https:\/\/timeksyalitim.com.tr\/home\/wp-json\/wp\/v2\/product_cat?post=3582"},{"taxonomy":"product_tag","embeddable":true,"href":"https:\/\/timeksyalitim.com.tr\/home\/wp-json\/wp\/v2\/product_tag?post=3582"}],"curies":[{"name":"wp","href":"https:\/\/api.w.org\/{rel}","templated":true}]}}