{"id":3604,"date":"2022-11-28T17:35:41","date_gmt":"2022-11-28T14:35:41","guid":{"rendered":"http:\/\/timeksyalitim.com.tr\/home\/?post_type=product&#038;p=3604"},"modified":"2022-11-28T17:38:21","modified_gmt":"2022-11-28T14:38:21","slug":"weber-tex-uv-flex","status":"publish","type":"product","link":"https:\/\/timeksyalitim.com.tr\/home\/product\/weber-tex-uv-flex\/","title":{"rendered":"Weber TEX UV Flex"},"content":{"rendered":"<p>Saf akrilik esasl\u0131, y\u00fcksek UV dayan\u0131ml\u0131, \u00e7atlak k\u00f6pr\u00fcleme \u00f6zelli\u011fine sahip, ince tekst\u00fcrl\u00fc, s\u00fcper elastik yar\u0131-parlak d\u0131\u015f cephe kaplamas\u0131.<\/p>\n<p>T\u00fcm yap\u0131lar\u0131n d\u0131\u015f cephelerinde ve d\u0131\u015f cephe \u0131s\u0131 yal\u0131t\u0131m sistemleri \u00fczerinde son kat kaplama malzemesi olarak kullan\u0131l\u0131r.<\/p>\n<ul>\n<li>UV Dayan\u0131m\u0131<\/li>\n<li>Parlak G\u00f6r\u00fcn\u00fcm<\/li>\n<li>Su \u0130tici<\/li>\n<li>S\u00fcper Elastik<\/li>\n<li>Silikonlu<\/li>\n<\/ul>\n<p><strong>Uygulama alan\u0131<\/strong><\/p>\n<ul>\n<li>Duvar<\/li>\n<\/ul>\n<p>Renk ve Tekst\u00fcr se\u00e7enekleri i\u00e7in bize ula\u015f\u0131n.<\/p>\n<p><strong>\u00dcr\u00fcn Bilgileri<\/strong><\/p>\n<ul>\n<li>Uygulama aletleri: Mercan ve posteki rulo.<\/li>\n<li>Ortam s\u0131cakl\u0131\u011f\u0131: +5 \u00b0C ile +30 \u00b0C aras\u0131.<\/li>\n<li>Kuruma s\u00fcresi: 24-48 saat<\/li>\n<\/ul>\n<p><strong>Avantajlar\u0131<\/strong><\/p>\n<ul>\n<li>Y\u00fcksek UV direnci sayesinde parlakl\u0131\u011f\u0131n\u0131 ve rengini uzun y\u0131llar korur.<\/li>\n<li>D\u0131\u015f cephelerde 2,9 mm geni\u015fli\u011fine kadar \u00e7atlak k\u00f6pr\u00fcleme \u00f6zelli\u011fine sahiptir.<\/li>\n<li>S\u00fcper elastik yap\u0131s\u0131yla olu\u015fabilecek k\u0131lcal \u00e7atlaklara kar\u015f\u0131 dayan\u0131kl\u0131d\u0131r.<\/li>\n<li>Su itici \u00f6zelli\u011fe sahiptir.<\/li>\n<li>D\u00fc\u015f\u00fck CO2 dif\u00fczyon direcine sahiptir.<\/li>\n<li>Kendinden renkli yap\u0131s\u0131 sayesinde uygulama kolayl\u0131\u011f\u0131 sa\u011flar.<\/li>\n<li>D\u0131\u015f cephelerde \u0131s\u0131 yal\u0131t\u0131m sistemleri \u00fczerinde uygulanabilir<\/li>\n<\/ul>\n<p><strong>Uyar\u0131lar ve \u00d6neriler<\/strong><\/p>\n<ul>\n<li>Yatay ve 45 derecenin alt\u0131nda e\u011fimli y\u00fczeylerde uygulanmaz.<\/li>\n<li>Islak ve nemli y\u00fczeylerde kesinlikle uygulanmaz.<\/li>\n<\/ul>\n","protected":false},"excerpt":{"rendered":"<p>Saf akrilik esasl\u0131, y\u00fcksek UV dayan\u0131ml\u0131, \u00e7atlak k\u00f6pr\u00fcleme \u00f6zelli\u011fine sahip, ince tekst\u00fcrl\u00fc, s\u00fcper elastik yar\u0131-parlak d\u0131\u015f cephe kaplamas\u0131.<\/p>\n","protected":false},"featured_media":3605,"comment_status":"open","ping_status":"closed","template":"","meta":[],"product_brand":[],"product_cat":[225],"product_tag":[458],"class_list":{"0":"post-3604","1":"product","2":"type-product","3":"status-publish","4":"has-post-thumbnail","6":"product_cat-cephe-kaplamalari","7":"product_tag-weber-tex-uv-flex","9":"first","10":"instock","11":"taxable","12":"shipping-taxable","13":"product-type-simple"},"_links":{"self":[{"href":"https:\/\/timeksyalitim.com.tr\/home\/wp-json\/wp\/v2\/product\/3604","targetHints":{"allow":["GET"]}}],"collection":[{"href":"https:\/\/timeksyalitim.com.tr\/home\/wp-json\/wp\/v2\/product"}],"about":[{"href":"https:\/\/timeksyalitim.com.tr\/home\/wp-json\/wp\/v2\/types\/product"}],"replies":[{"embeddable":true,"href":"https:\/\/timeksyalitim.com.tr\/home\/wp-json\/wp\/v2\/comments?post=3604"}],"wp:featuredmedia":[{"embeddable":true,"href":"https:\/\/timeksyalitim.com.tr\/home\/wp-json\/wp\/v2\/media\/3605"}],"wp:attachment":[{"href":"https:\/\/timeksyalitim.com.tr\/home\/wp-json\/wp\/v2\/media?parent=3604"}],"wp:term":[{"taxonomy":"product_brand","embeddable":true,"href":"https:\/\/timeksyalitim.com.tr\/home\/wp-json\/wp\/v2\/product_brand?post=3604"},{"taxonomy":"product_cat","embeddable":true,"href":"https:\/\/timeksyalitim.com.tr\/home\/wp-json\/wp\/v2\/product_cat?post=3604"},{"taxonomy":"product_tag","embeddable":true,"href":"https:\/\/timeksyalitim.com.tr\/home\/wp-json\/wp\/v2\/product_tag?post=3604"}],"curies":[{"name":"wp","href":"https:\/\/api.w.org\/{rel}","templated":true}]}}