{"id":3632,"date":"2022-11-29T12:11:47","date_gmt":"2022-11-29T09:11:47","guid":{"rendered":"http:\/\/timeksyalitim.com.tr\/home\/?post_type=product&#038;p=3632"},"modified":"2022-11-29T12:14:27","modified_gmt":"2022-11-29T09:14:27","slug":"weber-therm-a1-plus","status":"publish","type":"product","link":"https:\/\/timeksyalitim.com.tr\/home\/product\/weber-therm-a1-plus\/","title":{"rendered":"Weber Therm A1 Plus"},"content":{"rendered":"<p>Is\u0131 yal\u0131t\u0131m sistemleri i\u00e7in \u00e7imento esasl\u0131, toz polimer katk\u0131l\u0131 yap\u0131\u015ft\u0131rma harc\u0131.<\/p>\n<p>T\u00fcm yap\u0131larda, XPS, EPS, ve ta\u015fy\u00fcn\u00fc \u0131s\u0131 yal\u0131t\u0131m levhalar\u0131n\u0131n yap\u0131\u015ft\u0131r\u0131lmas\u0131nda kullan\u0131l\u0131r.<\/p>\n<ul>\n<li>Is\u0131 Yal\u0131t\u0131m\u0131<\/li>\n<\/ul>\n<p><strong>Uygulama alan\u0131<\/strong><\/p>\n<ul>\n<li>Duvar<\/li>\n<\/ul>\n<p><strong>\u00dcr\u00fcn Bilgileri<\/strong><\/p>\n<ul>\n<li>Uygulama Aletleri: El mikseri, mala.<\/li>\n<li>Ortam s\u0131cakl\u0131\u011f\u0131: +5 \u00b0C ile +30 \u00b0C aras\u0131.<\/li>\n<li>Haz\u0131rlanan harc\u0131n kullan\u0131labilme s\u00fcresi: 3 saat<\/li>\n<li>Yap\u0131\u015ft\u0131r\u0131lan yal\u0131t\u0131m levhas\u0131n\u0131n \u00fczerine s\u0131va uygulanabilmesi i\u00e7in gereken s\u00fcre: 2 g\u00fcn<\/li>\n<\/ul>\n<p><strong>Avantajlar\u0131<\/strong><\/p>\n<ul>\n<li>ETAG 004*\u2019e uygundur.<\/li>\n<li>Y\u00fcksek yap\u0131\u015ft\u0131rma g\u00fcc\u00fcne sahiptir.<\/li>\n<li>Termik \u015foklara dayan\u0131kl\u0131d\u0131r.<\/li>\n<\/ul>\n<p><strong>Uyar\u0131lar ve \u00d6neriler<\/strong><\/p>\n<ul>\n<li>Sa\u011flam olmayan ve d\u00fc\u015f\u00fck diren\u00e7li y\u00fczeylerde uygulanmaz.<\/li>\n<\/ul>\n<p>&nbsp;<\/p>\n","protected":false},"excerpt":{"rendered":"<p>Is\u0131 yal\u0131t\u0131m sistemleri i\u00e7in \u00e7imento esasl\u0131, toz polimer katk\u0131l\u0131 yap\u0131\u015ft\u0131rma harc\u0131.<\/p>\n","protected":false},"featured_media":3633,"comment_status":"open","ping_status":"closed","template":"","meta":[],"product_brand":[],"product_cat":[224],"product_tag":[469],"class_list":{"0":"post-3632","1":"product","2":"type-product","3":"status-publish","4":"has-post-thumbnail","6":"product_cat-harclar","7":"product_tag-weber-therm-a1-plus","9":"first","10":"instock","11":"taxable","12":"shipping-taxable","13":"product-type-simple"},"_links":{"self":[{"href":"https:\/\/timeksyalitim.com.tr\/home\/wp-json\/wp\/v2\/product\/3632","targetHints":{"allow":["GET"]}}],"collection":[{"href":"https:\/\/timeksyalitim.com.tr\/home\/wp-json\/wp\/v2\/product"}],"about":[{"href":"https:\/\/timeksyalitim.com.tr\/home\/wp-json\/wp\/v2\/types\/product"}],"replies":[{"embeddable":true,"href":"https:\/\/timeksyalitim.com.tr\/home\/wp-json\/wp\/v2\/comments?post=3632"}],"wp:featuredmedia":[{"embeddable":true,"href":"https:\/\/timeksyalitim.com.tr\/home\/wp-json\/wp\/v2\/media\/3633"}],"wp:attachment":[{"href":"https:\/\/timeksyalitim.com.tr\/home\/wp-json\/wp\/v2\/media?parent=3632"}],"wp:term":[{"taxonomy":"product_brand","embeddable":true,"href":"https:\/\/timeksyalitim.com.tr\/home\/wp-json\/wp\/v2\/product_brand?post=3632"},{"taxonomy":"product_cat","embeddable":true,"href":"https:\/\/timeksyalitim.com.tr\/home\/wp-json\/wp\/v2\/product_cat?post=3632"},{"taxonomy":"product_tag","embeddable":true,"href":"https:\/\/timeksyalitim.com.tr\/home\/wp-json\/wp\/v2\/product_tag?post=3632"}],"curies":[{"name":"wp","href":"https:\/\/api.w.org\/{rel}","templated":true}]}}