{"id":3699,"date":"2022-12-01T14:22:51","date_gmt":"2022-12-01T11:22:51","guid":{"rendered":"http:\/\/timeksyalitim.com.tr\/home\/?post_type=product&#038;p=3699"},"modified":"2022-12-02T13:52:46","modified_gmt":"2022-12-02T10:52:46","slug":"izocam-camyunu-prefabrik-boru","status":"publish","type":"product","link":"https:\/\/timeksyalitim.com.tr\/home\/product\/izocam-camyunu-prefabrik-boru\/","title":{"rendered":"\u0130zocam Camy\u00fcn\u00fc Prefabrik Boru"},"content":{"rendered":"<p>Kaplamas\u0131z veya al\u00fcminyum folyo kapl\u0131, y\u00fcksek birim a\u011f\u0131rl\u0131kta Camy\u00fcn\u00fcnden imal edilen borular olup sanayi borular\u0131n\u0131n, kalorifer, merkezi \u0131s\u0131tma ve g\u00fcne\u015f enerjisi tesisatlar\u0131n\u0131n \u0131s\u0131 yal\u0131t\u0131m\u0131nda, borular\u0131n terlemeye veya donmaya kar\u015f\u0131 yalt\u0131m\u0131nda ayr\u0131ca bas\u0131n\u00e7l\u0131 su borular\u0131nda titre\u015fime ve sese kar\u015f\u0131 kullan\u0131l\u0131r.<\/p>\n<p><strong>Uygulama Alanlar\u0131<\/strong><\/p>\n<ul>\n<li>Uygulama yap\u0131lacak hatt\u0131n anma \u00e7ap\u0131na uygun Camy\u00fcn\u00fc Prefabrik Boru se\u00e7ilir. Kesim yerinden a\u00e7\u0131larak yerle\u015ftirilir. Ek yerlerinde bo\u015fluk kalmayacak \u015fekilde uygulama tamamlanmal\u0131d\u0131r<\/li>\n<li>Kaplamas\u0131z borular bit\u00fcm em\u00fclsiyon veya bit\u00fcml\u00fc \u00f6rt\u00fcler, galvaniz veya al\u00fcminyum ceket giydirme sureti ile kaplan\u0131r.<\/li>\n<li>Kaplamalar\u0131n ek yerleri yap\u0131\u015ft\u0131rma, kenetleme, per\u00e7inleme veya vidalama sureti ile tespit edilir. So\u011fuk hatlar\u0131n yal\u0131t\u0131m\u0131nda kullan\u0131lan al\u00fcminyum folyo kapl\u0131 borularda ise bindirme pay\u0131 \u00fcst\u00fcndeki yap\u0131\u015fkan bant ve buhar kesici folyo kaplama, montaj\u0131 \u00e7ok kolayla\u015ft\u0131r\u0131r<\/li>\n<li>Bu uygulamada iki borunun ek yerleri mutlaka 7,5 cm eninde kendinden yap\u0131\u015fkanl\u0131 al\u00fcminyum folyo bantlar ile kapat\u0131larak buhar ge\u00e7i\u015fine tamamen mani olunmal\u0131d\u0131r<\/li>\n<li>Borular\u0131n montaj\u0131nda iki kat uygulama yap\u0131l\u0131yorsa, ek yerlerinin \u015fa\u015f\u0131rt\u0131lmas\u0131na dikkat edilmeli, son kat ek yerinin borunun alt k\u0131sm\u0131na gelmesine \u00f6zen g\u00f6sterilmelidir.<\/li>\n<\/ul>\n<p>[wpdm_package id=&#8217;3700&#8242;]<\/p>\n","protected":false},"excerpt":{"rendered":"<p>Kaplamas\u0131z veya al\u00fcminyum folyo kapl\u0131, y\u00fcksek birim a\u011f\u0131rl\u0131kta Camy\u00fcn\u00fcnden imal edilen borular olup sanayi borular\u0131n\u0131n, kalorifer, merkezi \u0131s\u0131tma ve g\u00fcne\u015f enerjisi tesisatlar\u0131n\u0131n \u0131s\u0131 yal\u0131t\u0131m\u0131nda, borular\u0131n terlemeye veya donmaya kar\u015f\u0131 yalt\u0131m\u0131nda ayr\u0131ca bas\u0131n\u00e7l\u0131 su borular\u0131nda titre\u015fime ve sese kar\u015f\u0131 kullan\u0131l\u0131r.<\/p>\n","protected":false},"featured_media":3702,"comment_status":"open","ping_status":"closed","template":"","meta":[],"product_brand":[],"product_cat":[166],"product_tag":[479,486,485],"class_list":{"0":"post-3699","1":"product","2":"type-product","3":"status-publish","4":"has-post-thumbnail","6":"product_cat-boru-cam-yunu","7":"product_tag-camyunu","8":"product_tag-camyunu-boru","9":"product_tag-prefabrik-boru","11":"first","12":"instock","13":"featured","14":"taxable","15":"shipping-taxable","16":"product-type-simple"},"_links":{"self":[{"href":"https:\/\/timeksyalitim.com.tr\/home\/wp-json\/wp\/v2\/product\/3699","targetHints":{"allow":["GET"]}}],"collection":[{"href":"https:\/\/timeksyalitim.com.tr\/home\/wp-json\/wp\/v2\/product"}],"about":[{"href":"https:\/\/timeksyalitim.com.tr\/home\/wp-json\/wp\/v2\/types\/product"}],"replies":[{"embeddable":true,"href":"https:\/\/timeksyalitim.com.tr\/home\/wp-json\/wp\/v2\/comments?post=3699"}],"wp:featuredmedia":[{"embeddable":true,"href":"https:\/\/timeksyalitim.com.tr\/home\/wp-json\/wp\/v2\/media\/3702"}],"wp:attachment":[{"href":"https:\/\/timeksyalitim.com.tr\/home\/wp-json\/wp\/v2\/media?parent=3699"}],"wp:term":[{"taxonomy":"product_brand","embeddable":true,"href":"https:\/\/timeksyalitim.com.tr\/home\/wp-json\/wp\/v2\/product_brand?post=3699"},{"taxonomy":"product_cat","embeddable":true,"href":"https:\/\/timeksyalitim.com.tr\/home\/wp-json\/wp\/v2\/product_cat?post=3699"},{"taxonomy":"product_tag","embeddable":true,"href":"https:\/\/timeksyalitim.com.tr\/home\/wp-json\/wp\/v2\/product_tag?post=3699"}],"curies":[{"name":"wp","href":"https:\/\/api.w.org\/{rel}","templated":true}]}}