{"id":3712,"date":"2022-12-01T16:52:27","date_gmt":"2022-12-01T13:52:27","guid":{"rendered":"http:\/\/timeksyalitim.com.tr\/home\/?post_type=product&#038;p=3712"},"modified":"2022-12-02T13:52:41","modified_gmt":"2022-12-02T10:52:41","slug":"izocam-tasyunu-dokme","status":"publish","type":"product","link":"https:\/\/timeksyalitim.com.tr\/home\/product\/izocam-tasyunu-dokme\/","title":{"rendered":"\u0130zocam Ta\u015fy\u00fcn\u00fc D\u00f6kme"},"content":{"rendered":"<p>Ba\u011flay\u0131c\u0131s\u0131z Ta\u015fy\u00fcn\u00fc elyaf olup d\u00fczg\u00fcn olmayan y\u00fcksek s\u0131cakl\u0131ktaki y\u00fczeylerde, cift cidarl\u0131 kaplarda, laboratuvar cihazlar\u0131 ve elektrikli ev aletlerinde \u0131s\u0131 ve ses yal\u0131t\u0131m\u0131 amac\u0131yla kullan\u0131l\u0131r.<\/p>\n<p><strong>Uygulama<\/strong><\/p>\n<ul>\n<li>Ta\u015fy\u00fcn\u00fc Sanayi \u015filte ve levhalar\u0131n\u0131n kullan\u0131lamayaca\u011f\u0131 y\u00fczeyi d\u00fczg\u00fcn olmayan b\u00f6lgelere t\u0131kma usul\u00fcyle doldurulur<\/li>\n<li>Di\u011fer yal\u0131t\u0131m malzemeleriyle doldurulamayan bo\u015fluklardan kaynaklanabilecek \u0131s\u0131 kay\u0131plar\u0131n\u0131 \u00f6nler. Ayr\u0131ca yap\u0131 elemanlar\u0131ndan elektrik kablosu ve tesisat ge\u00e7i\u015flerinde yang\u0131n yal\u0131t\u0131m\u0131 amac\u0131yla da kullan\u0131l\u0131r.<\/li>\n<li>Yal\u0131t\u0131m yap\u0131lacak y\u00fczeyin tamamen doldurulmas\u0131 ve malzemenin s\u0131k\u0131\u015ft\u0131r\u0131lm\u0131\u015f yo\u011funlu\u011funun yakla\u015f\u0131k olarak 80 kg\/m3 olmas\u0131 gerekmektedir<\/li>\n<li>Ta\u015fy\u00fcn\u00fc Sanayi \u015filte ve levhalar\u0131n\u0131n kullan\u0131lamayaca\u011f\u0131 y\u00fczeyi d\u00fczg\u00fcn olmayan b\u00f6lgelere t\u0131kma usul\u00fcyle doldurulur<\/li>\n<li>20 kg\u2019l\u0131k po\u015fetlerde sat\u0131\u015fa sunulmaktad\u0131r.<\/li>\n<\/ul>\n<p>[wpdm_package id=&#8217;3714&#8242;]<\/p>\n","protected":false},"excerpt":{"rendered":"<p>Ba\u011flay\u0131c\u0131s\u0131z Ta\u015fy\u00fcn\u00fc elyaf olup d\u00fczg\u00fcn olmayan y\u00fcksek s\u0131cakl\u0131ktaki y\u00fczeylerde, cift cidarl\u0131 kaplarda, laboratuvar cihazlar\u0131 ve elektrikli ev aletlerinde \u0131s\u0131 ve ses yal\u0131t\u0131m\u0131 amac\u0131yla kullan\u0131l\u0131r.<\/p>\n","protected":false},"featured_media":3713,"comment_status":"open","ping_status":"closed","template":"","meta":[],"product_brand":[],"product_cat":[237],"product_tag":[490],"class_list":{"0":"post-3712","1":"product","2":"type-product","3":"status-publish","4":"has-post-thumbnail","6":"product_cat-tasyunu-dokme","7":"product_tag-tasyunu-dokme","9":"first","10":"instock","11":"featured","12":"taxable","13":"shipping-taxable","14":"product-type-simple"},"_links":{"self":[{"href":"https:\/\/timeksyalitim.com.tr\/home\/wp-json\/wp\/v2\/product\/3712","targetHints":{"allow":["GET"]}}],"collection":[{"href":"https:\/\/timeksyalitim.com.tr\/home\/wp-json\/wp\/v2\/product"}],"about":[{"href":"https:\/\/timeksyalitim.com.tr\/home\/wp-json\/wp\/v2\/types\/product"}],"replies":[{"embeddable":true,"href":"https:\/\/timeksyalitim.com.tr\/home\/wp-json\/wp\/v2\/comments?post=3712"}],"wp:featuredmedia":[{"embeddable":true,"href":"https:\/\/timeksyalitim.com.tr\/home\/wp-json\/wp\/v2\/media\/3713"}],"wp:attachment":[{"href":"https:\/\/timeksyalitim.com.tr\/home\/wp-json\/wp\/v2\/media?parent=3712"}],"wp:term":[{"taxonomy":"product_brand","embeddable":true,"href":"https:\/\/timeksyalitim.com.tr\/home\/wp-json\/wp\/v2\/product_brand?post=3712"},{"taxonomy":"product_cat","embeddable":true,"href":"https:\/\/timeksyalitim.com.tr\/home\/wp-json\/wp\/v2\/product_cat?post=3712"},{"taxonomy":"product_tag","embeddable":true,"href":"https:\/\/timeksyalitim.com.tr\/home\/wp-json\/wp\/v2\/product_tag?post=3712"}],"curies":[{"name":"wp","href":"https:\/\/api.w.org\/{rel}","templated":true}]}}