{"id":3727,"date":"2022-12-02T12:55:33","date_gmt":"2022-12-02T09:55:33","guid":{"rendered":"http:\/\/timeksyalitim.com.tr\/home\/?post_type=product&#038;p=3727"},"modified":"2022-12-02T13:02:12","modified_gmt":"2022-12-02T10:02:12","slug":"izocam-firin-siltesi","status":"publish","type":"product","link":"https:\/\/timeksyalitim.com.tr\/home\/product\/izocam-firin-siltesi\/","title":{"rendered":"\u0130zocam F\u0131r\u0131n \u015eiltesi"},"content":{"rendered":"<p>Is\u0131 yal\u0131t\u0131m\u0131 sa\u011flamak amac\u0131yla f\u0131r\u0131nlarda kullan\u0131lmak \u00fczere geli\u015ftirilmi\u015f i\u011fneleme y\u00f6ntemiyle rijitlik kazand\u0131r\u0131lm\u0131\u015f ba\u011flay\u0131c\u0131 i\u00e7ermeyen, beyaz renkte camy\u00fcn\u00fc \u015filtedir.<\/p>\n<p><strong>Uygulama Alanlar\u0131<\/strong><\/p>\n<ul>\n<li>F\u0131r\u0131n imalat\u0131 yapan firmalara temin edildi\u011finden, \u00fcreticilerin olu\u015fturdu\u011fu detaylara g\u00f6re uygulan\u0131r.<\/li>\n<li>M\u00fc\u015fteri ihtiyac\u0131na g\u00f6re farkl\u0131 teknik \u00f6zelliklerde ve ebatlarda \u00fcretim imkan\u0131 bulunmaktad\u0131r.<\/li>\n<li>Kal\u0131nl\u0131k 13-40 mm aras\u0131nda, yo\u011funluk 40-110 mm aras\u0131nda olan \u00fcr\u00fcnler \u00fcretilebilmektedir.<\/li>\n<li>F\u0131r\u0131n imalat\u0131 yapan firmalara temin edildi\u011finden, \u00fcreticilerin olu\u015fturdu\u011fu detaylara g\u00f6re uygulan\u0131r.<\/li>\n<\/ul>\n<p>&nbsp;<\/p>\n","protected":false},"excerpt":{"rendered":"<p>Is\u0131 yal\u0131t\u0131m\u0131 sa\u011flamak amac\u0131yla f\u0131r\u0131nlarda kullan\u0131lmak \u00fczere geli\u015ftirilmi\u015f i\u011fneleme y\u00f6ntemiyle rijitlik kazand\u0131r\u0131lm\u0131\u015f ba\u011flay\u0131c\u0131 i\u00e7ermeyen, beyaz renkte camy\u00fcn\u00fc \u015filtedir.<\/p>\n","protected":false},"featured_media":3728,"comment_status":"open","ping_status":"closed","template":"","meta":[],"product_brand":[],"product_cat":[168],"product_tag":[497],"class_list":{"0":"post-3727","1":"product","2":"type-product","3":"status-publish","4":"has-post-thumbnail","6":"product_cat-silte-cam-yunu","7":"product_tag-firin-siltesi","9":"first","10":"instock","11":"taxable","12":"shipping-taxable","13":"product-type-simple"},"_links":{"self":[{"href":"https:\/\/timeksyalitim.com.tr\/home\/wp-json\/wp\/v2\/product\/3727","targetHints":{"allow":["GET"]}}],"collection":[{"href":"https:\/\/timeksyalitim.com.tr\/home\/wp-json\/wp\/v2\/product"}],"about":[{"href":"https:\/\/timeksyalitim.com.tr\/home\/wp-json\/wp\/v2\/types\/product"}],"replies":[{"embeddable":true,"href":"https:\/\/timeksyalitim.com.tr\/home\/wp-json\/wp\/v2\/comments?post=3727"}],"wp:featuredmedia":[{"embeddable":true,"href":"https:\/\/timeksyalitim.com.tr\/home\/wp-json\/wp\/v2\/media\/3728"}],"wp:attachment":[{"href":"https:\/\/timeksyalitim.com.tr\/home\/wp-json\/wp\/v2\/media?parent=3727"}],"wp:term":[{"taxonomy":"product_brand","embeddable":true,"href":"https:\/\/timeksyalitim.com.tr\/home\/wp-json\/wp\/v2\/product_brand?post=3727"},{"taxonomy":"product_cat","embeddable":true,"href":"https:\/\/timeksyalitim.com.tr\/home\/wp-json\/wp\/v2\/product_cat?post=3727"},{"taxonomy":"product_tag","embeddable":true,"href":"https:\/\/timeksyalitim.com.tr\/home\/wp-json\/wp\/v2\/product_tag?post=3727"}],"curies":[{"name":"wp","href":"https:\/\/api.w.org\/{rel}","templated":true}]}}